CRAN Package Check Results for Package opencage

Last updated on 2024-06-20 05:53:53 CEST.

Flavor Version Tinstall Tcheck Ttotal Status Flags
r-devel-linux-x86_64-debian-clang 0.2.2 4.47 58.66 63.13 ERROR
r-devel-linux-x86_64-debian-gcc 0.2.2 3.49 43.90 47.39 ERROR
r-devel-linux-x86_64-fedora-clang 0.2.2 81.50 ERROR
r-devel-linux-x86_64-fedora-gcc 0.2.2 87.49 ERROR
r-devel-windows-x86_64 0.2.2 5.00 69.00 74.00 ERROR
r-patched-linux-x86_64 0.2.2 4.86 55.65 60.51 OK
r-release-linux-x86_64 0.2.2 2.43 55.82 58.25 OK
r-release-macos-arm64 0.2.2 38.00 OK
r-release-macos-x86_64 0.2.2 55.00 OK
r-release-windows-x86_64 0.2.2 6.00 75.00 81.00 OK
r-oldrel-macos-arm64 0.2.2 39.00 OK
r-oldrel-macos-x86_64 0.2.2 49.00 OK
r-oldrel-windows-x86_64 0.2.2 6.00 76.00 82.00 ERROR

Check Details

Version: 0.2.2
Check: tests
Result: ERROR Running ‘testthat.R’ [10s/15s] Running the tests in ‘tests/testthat.R’ failed. Complete output: > library(testthat) > > test_check("opencage") Loading required package: opencage [ FAIL 2 | WARN 0 | SKIP 33 | PASS 227 ] ══ Skipped tests (33) ══════════════════════════════════════════════════════════ • On CRAN (12): 'test-oc_api_ok.R:2:3', 'test-oc_check_status.R:4:3', 'test-oc_check_status.R:38:3', 'test-oc_check_status.R:49:3', 'test-oc_check_status.R:60:3', 'test-oc_check_status.R:71:3', 'test-oc_clear_cache.R:2:3', 'test-oc_forward.R:69:3', 'test-oc_get.R:4:3', 'test-oc_get.R:60:3', 'test-oc_get.R:71:3', 'test-oc_reverse.R:60:3' • OpenCage API key is missing (21): 'test-deprecated.R:68:3', 'test-deprecated.R:89:3', 'test-oc_check_status.R:15:3', 'test-oc_forward.R:29:3', 'test-oc_forward.R:39:3', 'test-oc_forward.R:56:3', 'test-oc_forward.R:78:3', 'test-oc_forward.R:92:3', 'test-oc_forward.R:116:3', 'test-oc_forward.R:128:3', 'test-oc_forward.R:186:3', 'test-oc_forward.R:194:3', 'test-oc_get.R:22:3', 'test-oc_get.R:41:3', 'test-oc_process.R:118:3', 'test-oc_reverse.R:18:3', 'test-oc_reverse.R:28:3', 'test-oc_reverse.R:45:3', 'test-oc_reverse.R:70:3', 'test-oc_reverse.R:94:3', 'test-oc_reverse.R:109:3' ══ Failed tests ════════════════════════════════════════════════════════════════ ── Failure ('test-deprecated.R:41:3'): opencage_forward/opencage_reverse return what they should with several parameters. ── sum(grepl("annotation", names(results[["results"]]))) not equal to 0. 1/1 mismatches [1] 1 - 0 == 1 ── Failure ('test-deprecated.R:60:3'): opencage_forward/opencage_reverse return what they should with several parameters. ── sum(grepl("annotation", names(results[["results"]]))) not equal to 0. 1/1 mismatches [1] 1 - 0 == 1 [ FAIL 2 | WARN 0 | SKIP 33 | PASS 227 ] Error: Test failures Execution halted Flavor: r-devel-linux-x86_64-debian-clang

Version: 0.2.2
Check: tests
Result: ERROR Running ‘testthat.R’ [7s/16s] Running the tests in ‘tests/testthat.R’ failed. Complete output: > library(testthat) > > test_check("opencage") Loading required package: opencage [ FAIL 2 | WARN 0 | SKIP 33 | PASS 227 ] ══ Skipped tests (33) ══════════════════════════════════════════════════════════ • On CRAN (12): 'test-oc_api_ok.R:2:3', 'test-oc_check_status.R:4:3', 'test-oc_check_status.R:38:3', 'test-oc_check_status.R:49:3', 'test-oc_check_status.R:60:3', 'test-oc_check_status.R:71:3', 'test-oc_clear_cache.R:2:3', 'test-oc_forward.R:69:3', 'test-oc_get.R:4:3', 'test-oc_get.R:60:3', 'test-oc_get.R:71:3', 'test-oc_reverse.R:60:3' • OpenCage API key is missing (21): 'test-deprecated.R:68:3', 'test-deprecated.R:89:3', 'test-oc_check_status.R:15:3', 'test-oc_forward.R:29:3', 'test-oc_forward.R:39:3', 'test-oc_forward.R:56:3', 'test-oc_forward.R:78:3', 'test-oc_forward.R:92:3', 'test-oc_forward.R:116:3', 'test-oc_forward.R:128:3', 'test-oc_forward.R:186:3', 'test-oc_forward.R:194:3', 'test-oc_get.R:22:3', 'test-oc_get.R:41:3', 'test-oc_process.R:118:3', 'test-oc_reverse.R:18:3', 'test-oc_reverse.R:28:3', 'test-oc_reverse.R:45:3', 'test-oc_reverse.R:70:3', 'test-oc_reverse.R:94:3', 'test-oc_reverse.R:109:3' ══ Failed tests ════════════════════════════════════════════════════════════════ ── Failure ('test-deprecated.R:41:3'): opencage_forward/opencage_reverse return what they should with several parameters. ── sum(grepl("annotation", names(results[["results"]]))) not equal to 0. 1/1 mismatches [1] 1 - 0 == 1 ── Failure ('test-deprecated.R:60:3'): opencage_forward/opencage_reverse return what they should with several parameters. ── sum(grepl("annotation", names(results[["results"]]))) not equal to 0. 1/1 mismatches [1] 1 - 0 == 1 [ FAIL 2 | WARN 0 | SKIP 33 | PASS 227 ] Error: Test failures Execution halted Flavor: r-devel-linux-x86_64-debian-gcc

Version: 0.2.2
Check: tests
Result: ERROR Running ‘testthat.R’ [12s/26s] Running the tests in ‘tests/testthat.R’ failed. Complete output: > library(testthat) > > test_check("opencage") Loading required package: opencage [ FAIL 2 | WARN 0 | SKIP 33 | PASS 227 ] ══ Skipped tests (33) ══════════════════════════════════════════════════════════ • On CRAN (12): 'test-oc_api_ok.R:2:3', 'test-oc_check_status.R:4:3', 'test-oc_check_status.R:38:3', 'test-oc_check_status.R:49:3', 'test-oc_check_status.R:60:3', 'test-oc_check_status.R:71:3', 'test-oc_clear_cache.R:2:3', 'test-oc_forward.R:69:3', 'test-oc_get.R:4:3', 'test-oc_get.R:60:3', 'test-oc_get.R:71:3', 'test-oc_reverse.R:60:3' • OpenCage API key is missing (21): 'test-deprecated.R:68:3', 'test-deprecated.R:89:3', 'test-oc_check_status.R:15:3', 'test-oc_forward.R:29:3', 'test-oc_forward.R:39:3', 'test-oc_forward.R:56:3', 'test-oc_forward.R:78:3', 'test-oc_forward.R:92:3', 'test-oc_forward.R:116:3', 'test-oc_forward.R:128:3', 'test-oc_forward.R:186:3', 'test-oc_forward.R:194:3', 'test-oc_get.R:22:3', 'test-oc_get.R:41:3', 'test-oc_process.R:118:3', 'test-oc_reverse.R:18:3', 'test-oc_reverse.R:28:3', 'test-oc_reverse.R:45:3', 'test-oc_reverse.R:70:3', 'test-oc_reverse.R:94:3', 'test-oc_reverse.R:109:3' ══ Failed tests ════════════════════════════════════════════════════════════════ ── Failure ('test-deprecated.R:41:3'): opencage_forward/opencage_reverse return what they should with several parameters. ── sum(grepl("annotation", names(results[["results"]]))) not equal to 0. 1/1 mismatches [1] 1 - 0 == 1 ── Failure ('test-deprecated.R:60:3'): opencage_forward/opencage_reverse return what they should with several parameters. ── sum(grepl("annotation", names(results[["results"]]))) not equal to 0. 1/1 mismatches [1] 1 - 0 == 1 [ FAIL 2 | WARN 0 | SKIP 33 | PASS 227 ] Error: Test failures Execution halted Flavor: r-devel-linux-x86_64-fedora-clang

Version: 0.2.2
Check: tests
Result: ERROR Running ‘testthat.R’ [12s/14s] Running the tests in ‘tests/testthat.R’ failed. Complete output: > library(testthat) > > test_check("opencage") Loading required package: opencage [ FAIL 2 | WARN 0 | SKIP 33 | PASS 227 ] ══ Skipped tests (33) ══════════════════════════════════════════════════════════ • On CRAN (12): 'test-oc_api_ok.R:2:3', 'test-oc_check_status.R:4:3', 'test-oc_check_status.R:38:3', 'test-oc_check_status.R:49:3', 'test-oc_check_status.R:60:3', 'test-oc_check_status.R:71:3', 'test-oc_clear_cache.R:2:3', 'test-oc_forward.R:69:3', 'test-oc_get.R:4:3', 'test-oc_get.R:60:3', 'test-oc_get.R:71:3', 'test-oc_reverse.R:60:3' • OpenCage API key is missing (21): 'test-deprecated.R:68:3', 'test-deprecated.R:89:3', 'test-oc_check_status.R:15:3', 'test-oc_forward.R:29:3', 'test-oc_forward.R:39:3', 'test-oc_forward.R:56:3', 'test-oc_forward.R:78:3', 'test-oc_forward.R:92:3', 'test-oc_forward.R:116:3', 'test-oc_forward.R:128:3', 'test-oc_forward.R:186:3', 'test-oc_forward.R:194:3', 'test-oc_get.R:22:3', 'test-oc_get.R:41:3', 'test-oc_process.R:118:3', 'test-oc_reverse.R:18:3', 'test-oc_reverse.R:28:3', 'test-oc_reverse.R:45:3', 'test-oc_reverse.R:70:3', 'test-oc_reverse.R:94:3', 'test-oc_reverse.R:109:3' ══ Failed tests ════════════════════════════════════════════════════════════════ ── Failure ('test-deprecated.R:41:3'): opencage_forward/opencage_reverse return what they should with several parameters. ── sum(grepl("annotation", names(results[["results"]]))) not equal to 0. 1/1 mismatches [1] 1 - 0 == 1 ── Failure ('test-deprecated.R:60:3'): opencage_forward/opencage_reverse return what they should with several parameters. ── sum(grepl("annotation", names(results[["results"]]))) not equal to 0. 1/1 mismatches [1] 1 - 0 == 1 [ FAIL 2 | WARN 0 | SKIP 33 | PASS 227 ] Error: Test failures Execution halted Flavor: r-devel-linux-x86_64-fedora-gcc

Version: 0.2.2
Check: tests
Result: ERROR Running 'testthat.R' [9s] Running the tests in 'tests/testthat.R' failed. Complete output: > library(testthat) > > test_check("opencage") Loading required package: opencage [ FAIL 2 | WARN 0 | SKIP 33 | PASS 227 ] ══ Skipped tests (33) ══════════════════════════════════════════════════════════ • On CRAN (12): 'test-oc_api_ok.R:2:3', 'test-oc_check_status.R:4:3', 'test-oc_check_status.R:38:3', 'test-oc_check_status.R:49:3', 'test-oc_check_status.R:60:3', 'test-oc_check_status.R:71:3', 'test-oc_clear_cache.R:2:3', 'test-oc_forward.R:69:3', 'test-oc_get.R:4:3', 'test-oc_get.R:60:3', 'test-oc_get.R:71:3', 'test-oc_reverse.R:60:3' • OpenCage API key is missing (21): 'test-deprecated.R:68:3', 'test-deprecated.R:89:3', 'test-oc_check_status.R:15:3', 'test-oc_forward.R:29:3', 'test-oc_forward.R:39:3', 'test-oc_forward.R:56:3', 'test-oc_forward.R:78:3', 'test-oc_forward.R:92:3', 'test-oc_forward.R:116:3', 'test-oc_forward.R:128:3', 'test-oc_forward.R:186:3', 'test-oc_forward.R:194:3', 'test-oc_get.R:22:3', 'test-oc_get.R:41:3', 'test-oc_process.R:118:3', 'test-oc_reverse.R:18:3', 'test-oc_reverse.R:28:3', 'test-oc_reverse.R:45:3', 'test-oc_reverse.R:70:3', 'test-oc_reverse.R:94:3', 'test-oc_reverse.R:109:3' ══ Failed tests ════════════════════════════════════════════════════════════════ ── Failure ('test-deprecated.R:41:3'): opencage_forward/opencage_reverse return what they should with several parameters. ── sum(grepl("annotation", names(results[["results"]]))) not equal to 0. 1/1 mismatches [1] 1 - 0 == 1 ── Failure ('test-deprecated.R:60:3'): opencage_forward/opencage_reverse return what they should with several parameters. ── sum(grepl("annotation", names(results[["results"]]))) not equal to 0. 1/1 mismatches [1] 1 - 0 == 1 [ FAIL 2 | WARN 0 | SKIP 33 | PASS 227 ] Error: Test failures Execution halted Flavor: r-devel-windows-x86_64

Version: 0.2.2
Check: tests
Result: ERROR Running 'testthat.R' [11s] Running the tests in 'tests/testthat.R' failed. Complete output: > library(testthat) > > test_check("opencage") Loading required package: opencage [ FAIL 2 | WARN 0 | SKIP 33 | PASS 227 ] ══ Skipped tests (33) ══════════════════════════════════════════════════════════ • On CRAN (12): 'test-oc_api_ok.R:2:3', 'test-oc_check_status.R:4:3', 'test-oc_check_status.R:38:3', 'test-oc_check_status.R:49:3', 'test-oc_check_status.R:60:3', 'test-oc_check_status.R:71:3', 'test-oc_clear_cache.R:2:3', 'test-oc_forward.R:69:3', 'test-oc_get.R:4:3', 'test-oc_get.R:60:3', 'test-oc_get.R:71:3', 'test-oc_reverse.R:60:3' • OpenCage API key is missing (21): 'test-deprecated.R:68:3', 'test-deprecated.R:89:3', 'test-oc_check_status.R:15:3', 'test-oc_forward.R:29:3', 'test-oc_forward.R:39:3', 'test-oc_forward.R:56:3', 'test-oc_forward.R:78:3', 'test-oc_forward.R:92:3', 'test-oc_forward.R:116:3', 'test-oc_forward.R:128:3', 'test-oc_forward.R:186:3', 'test-oc_forward.R:194:3', 'test-oc_get.R:22:3', 'test-oc_get.R:41:3', 'test-oc_process.R:118:3', 'test-oc_reverse.R:18:3', 'test-oc_reverse.R:28:3', 'test-oc_reverse.R:45:3', 'test-oc_reverse.R:70:3', 'test-oc_reverse.R:94:3', 'test-oc_reverse.R:109:3' ══ Failed tests ════════════════════════════════════════════════════════════════ ── Failure ('test-deprecated.R:41:3'): opencage_forward/opencage_reverse return what they should with several parameters. ── sum(grepl("annotation", names(results[["results"]]))) not equal to 0. 1/1 mismatches [1] 1 - 0 == 1 ── Failure ('test-deprecated.R:60:3'): opencage_forward/opencage_reverse return what they should with several parameters. ── sum(grepl("annotation", names(results[["results"]]))) not equal to 0. 1/1 mismatches [1] 1 - 0 == 1 [ FAIL 2 | WARN 0 | SKIP 33 | PASS 227 ] Error: Test failures Execution halted Flavor: r-oldrel-windows-x86_64