Last updated on 2023-12-10 04:56:06 CET.
Flavor | Version | Tinstall | Tcheck | Ttotal | Status | Flags |
---|---|---|---|---|---|---|
r-devel-linux-x86_64-debian-clang | 0.1.1 | 2.27 | 25.80 | 28.07 | OK | |
r-devel-linux-x86_64-debian-gcc | 0.1.1 | 2.31 | 19.75 | 22.06 | OK | |
r-devel-linux-x86_64-fedora-clang | 0.1.1 | 35.94 | NOTE | |||
r-devel-linux-x86_64-fedora-gcc | 0.1.1 | 44.74 | NOTE | |||
r-devel-windows-x86_64 | 0.1.1 | 4.00 | 44.00 | 48.00 | OK | |
r-patched-linux-x86_64 | 0.1.1 | 2.17 | 24.89 | 27.06 | OK | |
r-release-linux-x86_64 | 0.1.1 | 1.74 | 24.79 | 26.53 | OK | |
r-release-macos-arm64 | 0.1.1 | 21.00 | OK | |||
r-release-macos-x86_64 | 0.1.1 | 28.00 | OK | |||
r-release-windows-x86_64 | 0.1.1 | 4.00 | 42.00 | 46.00 | OK | |
r-oldrel-macos-arm64 | 0.1.1 | 17.00 | NOTE | |||
r-oldrel-macos-x86_64 | 0.1.1 | 26.00 | NOTE | |||
r-oldrel-windows-x86_64 | 0.1.1 | 4.00 | 45.00 | 49.00 | OK |
Version: 0.1.1
Check: dependencies in R code
Result: NOTE
Namespaces in Imports field not imported from:
‘dplyr’ ‘glue’ ‘httpcode’ ‘httr’ ‘jsonlite’ ‘tidyr’
All declared Imports should be used.
Flavors: r-devel-linux-x86_64-fedora-clang, r-devel-linux-x86_64-fedora-gcc, r-oldrel-macos-arm64, r-oldrel-macos-x86_64