Last updated on 2023-12-10 04:56:06 CET.
Flavor | Version | Tinstall | Tcheck | Ttotal | Status | Flags |
---|---|---|---|---|---|---|
r-devel-linux-x86_64-debian-clang | 0.3.5 | 19.14 | 152.57 | 171.71 | OK | |
r-devel-linux-x86_64-debian-gcc | 0.3.5 | 15.94 | 113.34 | 129.28 | OK | |
r-devel-linux-x86_64-fedora-clang | 0.3.5 | 210.28 | OK | |||
r-devel-linux-x86_64-fedora-gcc | 0.3.5 | 201.02 | OK | |||
r-devel-windows-x86_64 | 0.3.5 | 18.00 | 119.00 | 137.00 | OK | |
r-patched-linux-x86_64 | 0.3.5 | 12.55 | 144.23 | 156.78 | OK | |
r-release-linux-x86_64 | 0.3.5 | 13.39 | 144.91 | 158.30 | OK | |
r-release-macos-arm64 | 0.3.5 | 12.00 | ERROR | |||
r-release-macos-x86_64 | 0.3.5 | 11.00 | ERROR | |||
r-release-windows-x86_64 | 0.3.5 | 21.00 | 142.00 | 163.00 | OK | |
r-oldrel-macos-arm64 | 0.3.5 | 9.00 | ERROR | |||
r-oldrel-macos-x86_64 | 0.3.5 | 10.00 | ERROR | |||
r-oldrel-windows-x86_64 | 0.3.5 | 24.00 | 151.00 | 175.00 | OK |
Version: 0.3.5
Check: package dependencies
Result: ERROR
Package required but not available: ‘mixAK’
See section ‘The DESCRIPTION file’ in the ‘Writing R Extensions’
manual.
Flavors: r-release-macos-arm64, r-release-macos-x86_64, r-oldrel-macos-arm64, r-oldrel-macos-x86_64