Last updated on 2023-12-08 05:02:11 CET.
Flavor | Version | Tinstall | Tcheck | Ttotal | Status | Flags |
---|---|---|---|---|---|---|
r-devel-linux-x86_64-debian-clang | 1.0.0 | 8.20 | 69.75 | 77.95 | OK | |
r-devel-linux-x86_64-debian-gcc | 1.0.0 | 6.54 | 51.81 | 58.35 | OK | |
r-devel-linux-x86_64-fedora-clang | 1.0.0 | 97.67 | NOTE | |||
r-devel-linux-x86_64-fedora-gcc | 1.0.0 | 90.40 | NOTE | |||
r-devel-windows-x86_64 | 1.0.0 | 11.00 | 73.00 | 84.00 | OK | |
r-patched-linux-x86_64 | 1.0.0 | 6.92 | 65.74 | 72.66 | OK | |
r-release-linux-x86_64 | 1.0.0 | 5.64 | 64.67 | 70.31 | OK | |
r-release-macos-arm64 | 1.0.0 | 25.00 | OK | |||
r-release-macos-x86_64 | 1.0.0 | 38.00 | OK | |||
r-release-windows-x86_64 | 1.0.0 | 12.00 | 82.00 | 94.00 | OK | |
r-oldrel-macos-arm64 | 1.0.0 | 27.00 | NOTE | |||
r-oldrel-macos-x86_64 | 1.0.0 | 57.00 | NOTE | |||
r-oldrel-windows-x86_64 | 1.0.0 | 11.00 | 91.00 | 102.00 | OK |
Version: 1.0.0
Check: data for non-ASCII characters
Result: NOTE
Note: found 34 marked UTF-8 strings
Flavors: r-devel-linux-x86_64-fedora-clang, r-devel-linux-x86_64-fedora-gcc, r-oldrel-macos-arm64, r-oldrel-macos-x86_64