CRAN Package Check Results for Package ontoFAST

Last updated on 2024-07-15 05:49:09 CEST.

Flavor Version Tinstall Tcheck Ttotal Status Flags
r-devel-linux-x86_64-debian-clang 1.0.0 8.33 68.79 77.12 OK
r-devel-linux-x86_64-debian-gcc 1.0.0 7.25 51.70 58.95 OK
r-devel-linux-x86_64-fedora-clang 1.0.0 96.81 NOTE
r-devel-linux-x86_64-fedora-gcc 1.0.0 91.82 NOTE
r-devel-windows-x86_64 1.0.0 9.00 75.00 84.00 OK
r-patched-linux-x86_64 1.0.0 8.50 64.84 73.34 OK
r-release-linux-x86_64 1.0.0 5.38 67.17 72.55 OK
r-release-macos-arm64 1.0.0 28.00 OK
r-release-macos-x86_64 1.0.0 46.00 OK
r-release-windows-x86_64 1.0.0 9.00 75.00 84.00 OK
r-oldrel-macos-arm64 1.0.0 25.00 OK
r-oldrel-macos-x86_64 1.0.0 38.00 OK
r-oldrel-windows-x86_64 1.0.0 12.00 88.00 100.00 OK

Additional issues

donttest

Check Details

Version: 1.0.0
Check: data for non-ASCII characters
Result: NOTE Note: found 34 marked UTF-8 strings Flavors: r-devel-linux-x86_64-fedora-clang, r-devel-linux-x86_64-fedora-gcc