CRAN Package Check Results for Package onion

Last updated on 2023-12-04 05:09:14 CET.

Flavor Version Tinstall Tcheck Ttotal Status Flags
r-devel-linux-x86_64-debian-clang 1.5-0 13.82 135.59 149.41 OK
r-devel-linux-x86_64-debian-gcc 1.5-0 9.82 102.14 111.96 OK
r-devel-linux-x86_64-fedora-clang 1.5-0 184.53 OK
r-devel-linux-x86_64-fedora-gcc 1.5-0 190.55 OK
r-devel-windows-x86_64 1.5-0 13.00 144.00 157.00 OK
r-patched-linux-x86_64 1.5-0 12.71 129.34 142.05 OK
r-release-linux-x86_64 1.5-0 12.56 130.60 143.16 OK
r-release-macos-arm64 1.5-0 67.00 NOTE
r-release-macos-x86_64 1.5-0 98.00 NOTE
r-release-windows-x86_64 1.5-0 12.00 160.00 172.00 OK
r-oldrel-macos-arm64 1.5-0 60.00 NOTE
r-oldrel-macos-x86_64 1.5-0 78.00 OK
r-oldrel-windows-x86_64 1.5-0 20.00 165.00 185.00 OK

Check Details

Version: 1.5-0
Check: re-building of vignette outputs
Result: NOTE Error(s) in re-building vignettes: --- re-building ‘onionmat.Rmd’ using rmarkdown --- finished re-building ‘onionmat.Rmd’ --- re-building ‘onionpaper.Rnw’ using Sweave Loading required package: onion Warning in plot.xy(xy.coords(x, y), type = type, ...) : "box" is not a graphical parameter Warning in plot.xy(xy.coords(x, y), type = type, ...) : "r" is not a graphical parameter Warning in plot.xy(xy.coords(x, y), type = type, ...) : "theta" is not a graphical parameter Warning in plot.xy(xy.coords(x, y), type = type, ...) : "phi" is not a graphical parameter Warning in plot.xy(xy.coords(x, y), type = type, ...) : "box" is not a graphical parameter Warning in plot.xy(xy.coords(x, y), type = type, ...) : "r" is not a graphical parameter Warning in plot.xy(xy.coords(x, y), type = type, ...) : "theta" is not a graphical parameter Warning in plot.xy(xy.coords(x, y), type = type, ...) : "phi" is not a graphical parameter Warning in plot.xy(xy.coords(x, y), type = type, ...) : "box" is not a graphical parameter Warning in plot.xy(xy.coords(x, y), type = type, ...) : "r" is not a graphical parameter Warning in plot.xy(xy.coords(x, y), type = type, ...) : "theta" is not a graphical parameter Warning in plot.xy(xy.coords(x, y), type = type, ...) : "phi" is not a graphical parameter Warning in plot.xy(xy.coords(x, y), type = type, ...) : "box" is not a graphical parameter Warning in plot.xy(xy.coords(x, y), type = type, ...) : "r" is not a graphical parameter Warning in plot.xy(xy.coords(x, y), type = type, ...) : "theta" is not a graphical parameter Warning in plot.xy(xy.coords(x, y), type = type, ...) : "phi" is not a graphical parameter Error: processing vignette 'onionpaper.Rnw' failed with diagnostics: Running 'texi2dvi' on 'onionpaper.tex' failed. LaTeX errors: !pdfTeX error: pdflatex (file bbm10): Font bbm10 at 657 not found ==> Fatal error occurred, no output PDF file produced! --- failed re-building ‘onionpaper.Rnw’ SUMMARY: processing the following file failed: ‘onionpaper.Rnw’ Error: Vignette re-building failed. Execution halted Flavor: r-release-macos-arm64

Version: 1.5-0
Check: re-building of vignette outputs
Result: NOTE Error(s) in re-building vignettes: --- re-building ‘onionmat.Rmd’ using rmarkdown Pandoc is required to build R Markdown vignettes but not available. Please make sure it is installed. --- finished re-building ‘onionmat.Rmd’ --- re-building ‘onionpaper.Rnw’ using Sweave Loading required package: onion Warning in plot.xy(xy.coords(x, y), type = type, ...) : "box" is not a graphical parameter Warning in plot.xy(xy.coords(x, y), type = type, ...) : "r" is not a graphical parameter Warning in plot.xy(xy.coords(x, y), type = type, ...) : "theta" is not a graphical parameter Warning in plot.xy(xy.coords(x, y), type = type, ...) : "phi" is not a graphical parameter Warning in plot.xy(xy.coords(x, y), type = type, ...) : "box" is not a graphical parameter Warning in plot.xy(xy.coords(x, y), type = type, ...) : "r" is not a graphical parameter Warning in plot.xy(xy.coords(x, y), type = type, ...) : "theta" is not a graphical parameter Warning in plot.xy(xy.coords(x, y), type = type, ...) : "phi" is not a graphical parameter Warning in plot.xy(xy.coords(x, y), type = type, ...) : "box" is not a graphical parameter Warning in plot.xy(xy.coords(x, y), type = type, ...) : "r" is not a graphical parameter Warning in plot.xy(xy.coords(x, y), type = type, ...) : "theta" is not a graphical parameter Warning in plot.xy(xy.coords(x, y), type = type, ...) : "phi" is not a graphical parameter Warning in plot.xy(xy.coords(x, y), type = type, ...) : "box" is not a graphical parameter Warning in plot.xy(xy.coords(x, y), type = type, ...) : "r" is not a graphical parameter Warning in plot.xy(xy.coords(x, y), type = type, ...) : "theta" is not a graphical parameter Warning in plot.xy(xy.coords(x, y), type = type, ...) : "phi" is not a graphical parameter Error: processing vignette 'onionpaper.Rnw' failed with diagnostics: Running 'texi2dvi' on 'onionpaper.tex' failed. LaTeX errors: ! LaTeX Error: File `dsfont.sty' not found. Type X to quit or <RETURN> to proceed, or enter new name. (Default extension: sty) ! Emergency stop. <read *> l.5 \usepackage {bbm}^^M ! ==> Fatal error occurred, no output PDF file produced! --- failed re-building ‘onionpaper.Rnw’ SUMMARY: processing the following file failed: ‘onionpaper.Rnw’ Error: Vignette re-building failed. Execution halted Flavor: r-release-macos-x86_64

Version: 1.5-0
Check: re-building of vignette outputs
Result: NOTE Error(s) in re-building vignettes: --- re-building ‘onionmat.Rmd’ using rmarkdown --- finished re-building ‘onionmat.Rmd’ --- re-building ‘onionpaper.Rnw’ using Sweave Warning in title(main = main, sub = sub, ...) : no font could be found for family "Arial" Warning in title(main = main, sub = sub, ...) : no font could be found for family "Arial" Warning in title(main = main, sub = sub, ...) : no font could be found for family "Arial" Warning in plot.xy(xy.coords(x, y), type = type, ...) : "box" is not a graphical parameter Warning in plot.xy(xy.coords(x, y), type = type, ...) : "r" is not a graphical parameter Warning in plot.xy(xy.coords(x, y), type = type, ...) : "theta" is not a graphical parameter Warning in plot.xy(xy.coords(x, y), type = type, ...) : "phi" is not a graphical parameter Warning in title(main = main, sub = sub, ...) : no font could be found for family "Arial" Warning in title(main = main, sub = sub, ...) : no font could be found for family "Arial" Warning in plot.xy(xy.coords(x, y), type = type, ...) : "box" is not a graphical parameter Warning in plot.xy(xy.coords(x, y), type = type, ...) : "r" is not a graphical parameter Warning in plot.xy(xy.coords(x, y), type = type, ...) : "theta" is not a graphical parameter Warning in plot.xy(xy.coords(x, y), type = type, ...) : "phi" is not a graphical parameter Warning in title(main = main, sub = sub, ...) : no font could be found for family "Arial" Warning in title(main = main, sub = sub, ...) : no font could be found for family "Arial" Warning in plot.xy(xy.coords(x, y), type = type, ...) : "box" is not a graphical parameter Warning in plot.xy(xy.coords(x, y), type = type, ...) : "r" is not a graphical parameter Warning in plot.xy(xy.coords(x, y), type = type, ...) : "theta" is not a graphical parameter Warning in plot.xy(xy.coords(x, y), type = type, ...) : "phi" is not a graphical parameter Warning in title(main = main, sub = sub, ...) : no font could be found for family "Arial" Warning in title(main = main, sub = sub, ...) : no font could be found for family "Arial" Warning in plot.xy(xy.coords(x, y), type = type, ...) : "box" is not a graphical parameter Warning in plot.xy(xy.coords(x, y), type = type, ...) : "r" is not a graphical parameter Warning in plot.xy(xy.coords(x, y), type = type, ...) : "theta" is not a graphical parameter Warning in plot.xy(xy.coords(x, y), type = type, ...) : "phi" is not a graphical parameter Error: processing vignette 'onionpaper.Rnw' failed with diagnostics: Running 'texi2dvi' on 'onionpaper.tex' failed. LaTeX errors: !pdfTeX error: pdflatex (file bbm10): Font bbm10 at 657 not found ==> Fatal error occurred, no output PDF file produced! --- failed re-building ‘onionpaper.Rnw’ SUMMARY: processing the following file failed: ‘onionpaper.Rnw’ Error: Vignette re-building failed. Execution halted Flavor: r-oldrel-macos-arm64