Last updated on 2023-12-01 04:54:03 CET.
Flavor | Version | Tinstall | Tcheck | Ttotal | Status | Flags |
---|---|---|---|---|---|---|
r-devel-linux-x86_64-debian-clang | 3.0.0 | 95.85 | 231.68 | 327.53 | OK | --no-vignettes |
r-devel-linux-x86_64-debian-gcc | 3.0.0 | 75.57 | 168.84 | 244.41 | OK | --no-vignettes |
r-devel-linux-x86_64-fedora-clang | 3.0.0 | 1095.76 | OK | |||
r-devel-linux-x86_64-fedora-gcc | 3.0.0 | 1062.66 | OK | |||
r-devel-windows-x86_64 | 3.0.0 | 79.00 | 582.00 | 661.00 | NOTE | |
r-patched-linux-x86_64 | 3.0.0 | 96.26 | 216.22 | 312.48 | OK | --no-vignettes |
r-release-linux-x86_64 | 3.0.0 | 76.41 | 221.47 | 297.88 | OK | --no-vignettes |
r-release-macos-arm64 | 3.0.0 | 342.00 | OK | |||
r-release-macos-x86_64 | 3.0.0 | 458.00 | OK | |||
r-release-windows-x86_64 | 3.0.0 | 90.00 | 706.00 | 796.00 | NOTE | |
r-oldrel-macos-arm64 | 3.0.0 | 224.00 | OK | |||
r-oldrel-macos-x86_64 | 3.0.0 | 393.00 | OK | |||
r-oldrel-windows-x86_64 | 3.0.0 | 83.00 | 672.00 | 755.00 | OK |
Version: 3.0.0
Check: C++ specification
Result: NOTE
Specified C++11: please drop specification unless essential
Flavors: r-devel-windows-x86_64, r-release-windows-x86_64