CRAN Package Check Results for Package onehot

Last updated on 2024-04-14 05:59:49 CEST.

Flavor Version Tinstall Tcheck Ttotal Status Flags
r-devel-linux-x86_64-debian-clang 0.1.1 2.23 20.47 22.70 NOTE
r-devel-linux-x86_64-debian-gcc 0.1.1 2.02 15.92 17.94 NOTE
r-devel-linux-x86_64-fedora-clang 0.1.1 29.55 NOTE
r-devel-linux-x86_64-fedora-gcc 0.1.1 28.51 NOTE
r-devel-windows-x86_64 0.1.1 5.00 37.00 42.00 NOTE
r-patched-linux-x86_64 0.1.1 2.28 19.92 22.20 NOTE
r-release-linux-x86_64 0.1.1 2.25 20.30 22.55 NOTE
r-release-macos-arm64 0.1.1 17.00 NOTE
r-release-macos-x86_64 0.1.1 20.00 NOTE
r-release-windows-x86_64 0.1.1 5.00 35.00 40.00 NOTE
r-oldrel-macos-arm64 0.1.1 15.00 NOTE
r-oldrel-windows-x86_64 0.1.1 6.00 42.00 48.00 NOTE

Check Details

Version: 0.1.1
Check: LazyData
Result: NOTE 'LazyData' is specified without a 'data' directory Flavors: r-devel-linux-x86_64-debian-clang, r-devel-linux-x86_64-debian-gcc, r-devel-linux-x86_64-fedora-clang, r-devel-linux-x86_64-fedora-gcc, r-devel-windows-x86_64, r-patched-linux-x86_64, r-release-linux-x86_64, r-release-macos-arm64, r-release-macos-x86_64, r-release-windows-x86_64, r-oldrel-macos-arm64, r-oldrel-windows-x86_64