CRAN Package Check Results for Package oglmx

Last updated on 2024-02-26 04:49:34 CET.

Flavor Version Tinstall Tcheck Ttotal Status Flags
r-devel-linux-x86_64-debian-clang 3.0.0.0 6.89 52.76 59.65 NOTE
r-devel-linux-x86_64-debian-gcc 3.0.0.0 4.87 41.66 46.53 NOTE
r-devel-linux-x86_64-fedora-clang 3.0.0.0 74.79 OK
r-devel-linux-x86_64-fedora-gcc 3.0.0.0 84.54 OK
r-devel-windows-x86_64 3.0.0.0 6.00 79.00 85.00 OK
r-patched-linux-x86_64 3.0.0.0 7.11 53.44 60.55 OK
r-release-linux-x86_64 3.0.0.0 6.78 52.77 59.55 OK
r-release-macos-arm64 3.0.0.0 35.00 OK
r-release-macos-x86_64 3.0.0.0 51.00 OK
r-release-windows-x86_64 3.0.0.0 7.00 82.00 89.00 OK
r-oldrel-macos-arm64 3.0.0.0 27.00 OK
r-oldrel-windows-x86_64 3.0.0.0 7.00 83.00 90.00 OK

Check Details

Version: 3.0.0.0
Check: Rd files
Result: NOTE checkRd: (-1) formula.oglmx.Rd:49: Lost braces 49 | \code{\link{oglmx}}, code{\link[lmtest]{lrtest}}, code{\link{formula}}. | ^ checkRd: (-1) formula.oglmx.Rd:49: Lost braces 49 | \code{\link{oglmx}}, code{\link[lmtest]{lrtest}}, code{\link{formula}}. | ^ Flavors: r-devel-linux-x86_64-debian-clang, r-devel-linux-x86_64-debian-gcc