Last updated on 2023-12-07 04:56:31 CET.
Flavor | Version | Tinstall | Tcheck | Ttotal | Status | Flags |
---|---|---|---|---|---|---|
r-devel-linux-x86_64-debian-clang | 0.5.0 | 15.97 | 122.32 | 138.29 | OK | |
r-devel-linux-x86_64-debian-gcc | 0.5.0 | 13.35 | 91.83 | 105.18 | OK | |
r-devel-linux-x86_64-fedora-clang | 0.5.0 | 170.12 | NOTE | |||
r-devel-linux-x86_64-fedora-gcc | 0.5.0 | 161.86 | NOTE | |||
r-devel-windows-x86_64 | 0.5.0 | 15.00 | 102.00 | 117.00 | OK | |
r-patched-linux-x86_64 | 0.5.0 | 11.05 | 114.82 | 125.87 | OK | |
r-release-linux-x86_64 | 0.5.0 | 10.83 | 112.80 | 123.63 | OK | |
r-release-macos-arm64 | 0.5.0 | 52.00 | OK | |||
r-release-macos-x86_64 | 0.5.0 | 86.00 | OK | |||
r-release-windows-x86_64 | 0.5.0 | 19.00 | 121.00 | 140.00 | OK | |
r-oldrel-macos-arm64 | 0.5.0 | 48.00 | NOTE | |||
r-oldrel-macos-x86_64 | 0.5.0 | 88.00 | NOTE | |||
r-oldrel-windows-x86_64 | 0.5.0 | 20.00 | 127.00 | 147.00 | OK |
Version: 0.5.0
Check: dependencies in R code
Result: NOTE
Namespaces in Imports field not imported from:
‘RColorBrewer’ ‘graphics’
All declared Imports should be used.
Flavors: r-devel-linux-x86_64-fedora-clang, r-devel-linux-x86_64-fedora-gcc, r-oldrel-macos-arm64, r-oldrel-macos-x86_64