Last updated on 2023-11-28 04:57:26 CET.
Flavor | Version | Tinstall | Tcheck | Ttotal | Status | Flags |
---|---|---|---|---|---|---|
r-devel-linux-x86_64-debian-clang | 0.2-3 | 6.84 | 35.62 | 42.46 | NOTE | |
r-devel-linux-x86_64-debian-gcc | 0.2-3 | 7.27 | 28.07 | 35.34 | NOTE | |
r-devel-linux-x86_64-fedora-clang | 0.2-3 | 55.79 | OK | |||
r-devel-linux-x86_64-fedora-gcc | 0.2-3 | 55.80 | OK | |||
r-devel-windows-x86_64 | 0.2-3 | 8.00 | 50.00 | 58.00 | OK | |
r-patched-linux-x86_64 | 0.2-3 | 9.27 | 35.79 | 45.06 | OK | |
r-release-linux-x86_64 | 0.2-3 | 9.58 | 35.87 | 45.45 | OK | |
r-release-macos-arm64 | 0.2-3 | 23.00 | OK | |||
r-release-macos-x86_64 | 0.2-3 | 28.00 | OK | |||
r-release-windows-x86_64 | 0.2-3 | 10.00 | 53.00 | 63.00 | OK | |
r-oldrel-macos-arm64 | 0.2-3 | 17.00 | OK | |||
r-oldrel-macos-x86_64 | 0.2-3 | 29.00 | OK | |||
r-oldrel-windows-x86_64 | 0.2-3 | 10.00 | 54.00 | 64.00 | OK |
Version: 0.2-3
Check: Rd files
Result: NOTE
checkRd: (-1) ocsApiUserProvisioningManager.Rd:87: Lost braces
87 | \item{code{addToGroup(userid, groupid)}}{
| ^
Flavors: r-devel-linux-x86_64-debian-clang, r-devel-linux-x86_64-debian-gcc