Last updated on 2023-12-01 04:54:03 CET.
Flavor | Version | Tinstall | Tcheck | Ttotal | Status | Flags |
---|---|---|---|---|---|---|
r-devel-linux-x86_64-debian-clang | 0.5.6 | 12.43 | 166.95 | 179.38 | OK | |
r-devel-linux-x86_64-debian-gcc | 0.5.6 | 9.01 | 125.51 | 134.52 | OK | |
r-devel-linux-x86_64-fedora-clang | 0.5.6 | 223.67 | NOTE | |||
r-devel-linux-x86_64-fedora-gcc | 0.5.6 | 220.33 | NOTE | |||
r-devel-windows-x86_64 | 0.5.6 | 12.00 | 200.00 | 212.00 | OK | |
r-patched-linux-x86_64 | 0.5.6 | 14.90 | 158.82 | 173.72 | OK | |
r-release-linux-x86_64 | 0.5.6 | 10.71 | 154.72 | 165.43 | OK | |
r-release-macos-arm64 | 0.5.6 | 505.00 | OK | |||
r-release-macos-x86_64 | 0.5.6 | 507.00 | OK | |||
r-release-windows-x86_64 | 0.5.6 | 17.00 | 231.00 | 248.00 | OK | |
r-oldrel-macos-arm64 | 0.5.6 | 463.00 | NOTE | |||
r-oldrel-macos-x86_64 | 0.5.6 | 498.00 | NOTE | |||
r-oldrel-windows-x86_64 | 0.5.6 | 18.00 | 239.00 | 257.00 | OK |
Version: 0.5.6
Check: dependencies in R code
Result: NOTE
Namespace in Imports field not imported from: ‘httr’
All declared Imports should be used.
Flavors: r-devel-linux-x86_64-fedora-clang, r-devel-linux-x86_64-fedora-gcc, r-oldrel-macos-arm64, r-oldrel-macos-x86_64
Version: 0.5.6
Check: data for non-ASCII characters
Result: NOTE
Note: found 7 marked UTF-8 strings
Flavors: r-devel-linux-x86_64-fedora-clang, r-devel-linux-x86_64-fedora-gcc, r-oldrel-macos-arm64, r-oldrel-macos-x86_64