Last updated on 2023-12-10 04:56:05 CET.
Flavor | Version | Tinstall | Tcheck | Ttotal | Status | Flags |
---|---|---|---|---|---|---|
r-devel-linux-x86_64-debian-clang | 0.1.2 | 4.75 | 46.03 | 50.78 | NOTE | |
r-devel-linux-x86_64-debian-gcc | 0.1.2 | 4.28 | 35.46 | 39.74 | NOTE | |
r-devel-linux-x86_64-fedora-clang | 0.1.2 | 66.20 | NOTE | |||
r-devel-linux-x86_64-fedora-gcc | 0.1.2 | 75.03 | NOTE | |||
r-devel-windows-x86_64 | 0.1.2 | 6.00 | 56.00 | 62.00 | NOTE | |
r-patched-linux-x86_64 | 0.1.2 | 4.80 | 45.35 | 50.15 | NOTE | |
r-release-linux-x86_64 | 0.1.2 | 5.08 | 44.20 | 49.28 | NOTE | |
r-release-macos-arm64 | 0.1.2 | 32.00 | NOTE | |||
r-release-macos-x86_64 | 0.1.2 | 48.00 | NOTE | |||
r-release-windows-x86_64 | 0.1.2 | 7.00 | 62.00 | 69.00 | NOTE | |
r-oldrel-macos-arm64 | 0.1.2 | 27.00 | NOTE | |||
r-oldrel-macos-x86_64 | 0.1.2 | 49.00 | NOTE | |||
r-oldrel-windows-x86_64 | 0.1.2 | 7.00 | 66.00 | 73.00 | NOTE |
Version: 0.1.2
Check: LazyData
Result: NOTE
'LazyData' is specified without a 'data' directory
Flavors: r-devel-linux-x86_64-debian-clang, r-devel-linux-x86_64-debian-gcc, r-devel-linux-x86_64-fedora-clang, r-devel-linux-x86_64-fedora-gcc, r-devel-windows-x86_64, r-patched-linux-x86_64, r-release-linux-x86_64, r-release-macos-arm64, r-release-macos-x86_64, r-release-windows-x86_64, r-oldrel-macos-arm64, r-oldrel-macos-x86_64, r-oldrel-windows-x86_64
Version: 0.1.2
Check: Rd cross-references
Result: NOTE
Undeclared packages ‘ensurer’, ‘validate’ in Rd xrefs
Flavor: r-devel-linux-x86_64-fedora-clang