CRAN Package Check Results for Package numbersBR

Last updated on 2024-07-15 05:49:08 CEST.

Flavor Version Tinstall Tcheck Ttotal Status Flags
r-devel-linux-x86_64-debian-clang 0.0.2 3.73 32.20 35.93 NOTE
r-devel-linux-x86_64-debian-gcc 0.0.2 2.74 25.33 28.07 NOTE
r-devel-linux-x86_64-fedora-clang 0.0.2 45.49 NOTE
r-devel-linux-x86_64-fedora-gcc 0.0.2 43.39 NOTE
r-devel-windows-x86_64 0.0.2 4.00 48.00 52.00 NOTE
r-patched-linux-x86_64 0.0.2 3.63 31.14 34.77 NOTE
r-release-linux-x86_64 0.0.2 3.60 32.20 35.80 NOTE
r-release-macos-arm64 0.0.2 20.00 NOTE
r-release-macos-x86_64 0.0.2 27.00 NOTE
r-release-windows-x86_64 0.0.2 4.00 47.00 51.00 NOTE
r-oldrel-macos-arm64 0.0.2 21.00 NOTE
r-oldrel-macos-x86_64 0.0.2 24.00 NOTE
r-oldrel-windows-x86_64 0.0.2 5.00 50.00 55.00 NOTE

Check Details

Version: 0.0.2
Check: package subdirectories
Result: NOTE Problems with news in ‘NEWS.md’: No news entries found. Flavors: r-devel-linux-x86_64-debian-clang, r-devel-linux-x86_64-debian-gcc, r-devel-linux-x86_64-fedora-clang, r-devel-linux-x86_64-fedora-gcc, r-devel-windows-x86_64, r-patched-linux-x86_64, r-release-linux-x86_64, r-release-macos-arm64, r-release-macos-x86_64, r-release-windows-x86_64, r-oldrel-macos-arm64, r-oldrel-macos-x86_64, r-oldrel-windows-x86_64

Version: 0.0.2
Check: LazyData
Result: NOTE 'LazyData' is specified without a 'data' directory Flavors: r-devel-linux-x86_64-debian-clang, r-devel-linux-x86_64-debian-gcc, r-devel-linux-x86_64-fedora-clang, r-devel-linux-x86_64-fedora-gcc, r-devel-windows-x86_64, r-patched-linux-x86_64, r-release-linux-x86_64, r-release-macos-arm64, r-release-macos-x86_64, r-release-windows-x86_64, r-oldrel-macos-arm64, r-oldrel-macos-x86_64, r-oldrel-windows-x86_64