CRAN Package Check Results for Package numKM

Last updated on 2023-12-10 04:56:05 CET.

Flavor Version Tinstall Tcheck Ttotal Status Flags
r-devel-linux-x86_64-debian-clang 0.2.0 6.41 60.78 67.19 NOTE
r-devel-linux-x86_64-debian-gcc 0.2.0 5.09 46.97 52.06 NOTE
r-devel-linux-x86_64-fedora-clang 0.2.0 84.30 NOTE
r-devel-linux-x86_64-fedora-gcc 0.2.0 80.90 NOTE
r-devel-windows-x86_64 0.2.0 7.00 62.00 69.00 NOTE
r-patched-linux-x86_64 0.2.0 5.85 59.58 65.43 NOTE
r-release-linux-x86_64 0.2.0 7.04 60.32 67.36 NOTE
r-release-macos-arm64 0.2.0 32.00 NOTE
r-release-macos-x86_64 0.2.0 48.00 NOTE
r-release-windows-x86_64 0.2.0 9.00 71.00 80.00 NOTE
r-oldrel-macos-arm64 0.2.0 26.00 NOTE
r-oldrel-macos-x86_64 0.2.0 39.00 NOTE
r-oldrel-windows-x86_64 0.2.0 8.00 76.00 84.00 NOTE

Check Details

Version: 0.2.0
Check: LazyData
Result: NOTE 'LazyData' is specified without a 'data' directory Flavors: r-devel-linux-x86_64-debian-clang, r-devel-linux-x86_64-debian-gcc, r-devel-linux-x86_64-fedora-clang, r-devel-linux-x86_64-fedora-gcc, r-devel-windows-x86_64, r-patched-linux-x86_64, r-release-linux-x86_64, r-release-macos-arm64, r-release-macos-x86_64, r-release-windows-x86_64, r-oldrel-macos-arm64, r-oldrel-macos-x86_64, r-oldrel-windows-x86_64