Last updated on 2023-11-29 04:57:29 CET.
Flavor | Version | Tinstall | Tcheck | Ttotal | Status | Flags |
---|---|---|---|---|---|---|
r-devel-linux-x86_64-debian-clang | 0.3.9 | 11.96 | 131.46 | 143.42 | OK | |
r-devel-linux-x86_64-debian-gcc | 0.3.9 | 9.69 | 96.95 | 106.64 | OK | |
r-devel-linux-x86_64-fedora-clang | 0.3.9 | 183.68 | NOTE | |||
r-devel-linux-x86_64-fedora-gcc | 0.3.9 | 411.97 | NOTE | |||
r-devel-windows-x86_64 | 0.3.9 | 11.00 | 109.00 | 120.00 | OK | |
r-patched-linux-x86_64 | 0.3.9 | 10.00 | 124.52 | 134.52 | OK | |
r-release-linux-x86_64 | 0.3.9 | 7.42 | 123.18 | 130.60 | OK | |
r-release-macos-arm64 | 0.3.9 | 135.00 | OK | |||
r-release-macos-x86_64 | 0.3.9 | 222.00 | OK | |||
r-release-windows-x86_64 | 0.3.9 | 15.00 | 137.00 | 152.00 | OK | |
r-oldrel-macos-arm64 | 0.3.9 | 106.00 | NOTE | |||
r-oldrel-macos-x86_64 | 0.3.9 | 275.00 | NOTE | |||
r-oldrel-windows-x86_64 | 0.3.9 | 15.00 | 135.00 | 150.00 | OK |
Version: 0.3.9
Check: dependencies in R code
Result: NOTE
Namespaces in Imports field not imported from:
‘forecast’ ‘rlang’ ‘tsibble’ ‘viridis’
All declared Imports should be used.
Flavors: r-devel-linux-x86_64-fedora-clang, r-devel-linux-x86_64-fedora-gcc, r-oldrel-macos-arm64, r-oldrel-macos-x86_64