CRAN Package Check Results for Package nord

Last updated on 2024-07-15 05:49:08 CEST.

Flavor Version Tinstall Tcheck Ttotal Status Flags
r-devel-linux-x86_64-debian-clang 1.0.0 4.89 50.04 54.93 NOTE
r-devel-linux-x86_64-debian-gcc 1.0.0 4.07 39.04 43.11 NOTE
r-devel-linux-x86_64-fedora-clang 1.0.0 70.59 NOTE
r-devel-linux-x86_64-fedora-gcc 1.0.0 65.95 NOTE
r-devel-windows-x86_64 1.0.0 5.00 65.00 70.00 NOTE
r-patched-linux-x86_64 1.0.0 5.22 48.05 53.27 NOTE
r-release-linux-x86_64 1.0.0 4.88 49.67 54.55 NOTE
r-release-macos-arm64 1.0.0 25.00 NOTE
r-release-macos-x86_64 1.0.0 35.00 NOTE
r-release-windows-x86_64 1.0.0 7.00 65.00 72.00 NOTE
r-oldrel-macos-arm64 1.0.0 27.00 NOTE
r-oldrel-macos-x86_64 1.0.0 37.00 NOTE
r-oldrel-windows-x86_64 1.0.0 7.00 70.00 77.00 NOTE

Check Details

Version: 1.0.0
Check: LazyData
Result: NOTE 'LazyData' is specified without a 'data' directory Flavors: r-devel-linux-x86_64-debian-clang, r-devel-linux-x86_64-debian-gcc, r-devel-linux-x86_64-fedora-clang, r-devel-linux-x86_64-fedora-gcc, r-devel-windows-x86_64, r-patched-linux-x86_64, r-release-linux-x86_64, r-release-macos-arm64, r-release-macos-x86_64, r-release-windows-x86_64, r-oldrel-macos-arm64, r-oldrel-macos-x86_64, r-oldrel-windows-x86_64