Last updated on 2023-09-24 05:53:16 CEST.
Flavor | Version | Tinstall | Tcheck | Ttotal | Status | Flags |
---|---|---|---|---|---|---|
r-devel-linux-x86_64-debian-clang | 1.0.0 | 5.37 | 50.63 | 56.00 | NOTE | |
r-devel-linux-x86_64-debian-gcc | 1.0.0 | 4.19 | 38.45 | 42.64 | NOTE | |
r-devel-linux-x86_64-fedora-clang | 1.0.0 | 68.89 | NOTE | |||
r-devel-linux-x86_64-fedora-gcc | 1.0.0 | 67.16 | NOTE | |||
r-devel-windows-x86_64 | 1.0.0 | 6.00 | 63.00 | 69.00 | NOTE | |
r-patched-linux-x86_64 | 1.0.0 | 4.56 | 48.56 | 53.12 | NOTE | |
r-release-linux-x86_64 | 1.0.0 | 4.80 | 48.42 | 53.22 | NOTE | |
r-release-macos-arm64 | 1.0.0 | 27.00 | NOTE | |||
r-release-macos-x86_64 | 1.0.0 | 37.00 | NOTE | |||
r-release-windows-x86_64 | 1.0.0 | 7.00 | 68.00 | 75.00 | NOTE | |
r-oldrel-macos-arm64 | 1.0.0 | 24.00 | NOTE | |||
r-oldrel-macos-x86_64 | 1.0.0 | 48.00 | NOTE | |||
r-oldrel-windows-x86_64 | 1.0.0 | 8.00 | 72.00 | 80.00 | NOTE |
Version: 1.0.0
Check: LazyData
Result: NOTE
'LazyData' is specified without a 'data' directory
Flavors: r-devel-linux-x86_64-debian-clang, r-devel-linux-x86_64-debian-gcc, r-devel-linux-x86_64-fedora-clang, r-devel-linux-x86_64-fedora-gcc, r-devel-windows-x86_64, r-patched-linux-x86_64, r-release-linux-x86_64, r-release-macos-arm64, r-release-macos-x86_64, r-release-windows-x86_64, r-oldrel-macos-arm64, r-oldrel-macos-x86_64, r-oldrel-windows-x86_64