Last updated on 2023-12-07 04:56:30 CET.
Flavor | Version | Tinstall | Tcheck | Ttotal | Status | Flags |
---|---|---|---|---|---|---|
r-devel-linux-x86_64-debian-clang | 0.1.0 | 3.48 | 51.51 | 54.99 | NOTE | |
r-devel-linux-x86_64-debian-gcc | 0.1.0 | 3.35 | 38.86 | 42.21 | NOTE | |
r-devel-linux-x86_64-fedora-clang | 0.1.0 | 69.11 | NOTE | |||
r-devel-linux-x86_64-fedora-gcc | 0.1.0 | 66.08 | NOTE | |||
r-devel-windows-x86_64 | 0.1.0 | 5.00 | 71.00 | 76.00 | NOTE | |
r-patched-linux-x86_64 | 0.1.0 | 3.27 | 50.79 | 54.06 | NOTE | |
r-release-linux-x86_64 | 0.1.0 | 4.04 | 49.86 | 53.90 | NOTE | |
r-release-macos-arm64 | 0.1.0 | 29.00 | NOTE | |||
r-release-macos-x86_64 | 0.1.0 | 38.00 | NOTE | |||
r-release-windows-x86_64 | 0.1.0 | 7.00 | 72.00 | 79.00 | NOTE | |
r-oldrel-macos-arm64 | 0.1.0 | 22.00 | NOTE | |||
r-oldrel-macos-x86_64 | 0.1.0 | 44.00 | NOTE | |||
r-oldrel-windows-x86_64 | 0.1.0 | 6.00 | 68.00 | 74.00 | NOTE |
Version: 0.1.0
Check: LazyData
Result: NOTE
'LazyData' is specified without a 'data' directory
Flavors: r-devel-linux-x86_64-debian-clang, r-devel-linux-x86_64-debian-gcc, r-devel-linux-x86_64-fedora-clang, r-devel-linux-x86_64-fedora-gcc, r-devel-windows-x86_64, r-patched-linux-x86_64, r-release-linux-x86_64, r-release-macos-arm64, r-release-macos-x86_64, r-release-windows-x86_64, r-oldrel-macos-arm64, r-oldrel-macos-x86_64, r-oldrel-windows-x86_64
Version: 0.1.0
Check: dependencies in R code
Result: NOTE
Namespaces in Imports field not imported from:
‘R6’ ‘crayon’ ‘digest’ ‘hash’
All declared Imports should be used.
Flavors: r-devel-linux-x86_64-fedora-clang, r-devel-linux-x86_64-fedora-gcc, r-oldrel-macos-arm64, r-oldrel-macos-x86_64