Last updated on 2023-12-10 04:56:05 CET.
Flavor | Version | Tinstall | Tcheck | Ttotal | Status | Flags |
---|---|---|---|---|---|---|
r-devel-linux-x86_64-debian-clang | 0.1.1 | 18.24 | 170.01 | 188.25 | NOTE | |
r-devel-linux-x86_64-debian-gcc | 0.1.1 | 11.60 | 124.03 | 135.63 | NOTE | |
r-devel-linux-x86_64-fedora-clang | 0.1.1 | 235.14 | OK | |||
r-devel-linux-x86_64-fedora-gcc | 0.1.1 | 224.97 | OK | |||
r-devel-windows-x86_64 | 0.1.1 | 15.00 | 160.00 | 175.00 | OK | |
r-patched-linux-x86_64 | 0.1.1 | 18.24 | 162.44 | 180.68 | OK | |
r-release-linux-x86_64 | 0.1.1 | 12.17 | 161.56 | 173.73 | OK | |
r-release-macos-arm64 | 0.1.1 | 62.00 | OK | |||
r-release-macos-x86_64 | 0.1.1 | 157.00 | OK | |||
r-release-windows-x86_64 | 0.1.1 | 20.00 | 185.00 | 205.00 | OK | |
r-oldrel-macos-arm64 | 0.1.1 | 96.00 | OK | |||
r-oldrel-macos-x86_64 | 0.1.1 | 131.00 | OK | |||
r-oldrel-windows-x86_64 | 0.1.1 | 22.00 | 150.00 | 172.00 | OK |
Version: 0.1.1
Check: Rd files
Result: NOTE
checkRd: (-1) Wmat.Rd:28: Lost braces
28 | \eqn{w_{ij}=I(} point eqn{j} is a NN of point \eqn{i))} i.e. \eqn{w_{ij}=1} if point \eqn{j} is a NN of point \eqn{i} and 0 otherwise.
| ^
checkRd: (-1) Wmat.Rd:23: Lost braces
23 | The incidence matrix \eqn{W=(w_ij)} where \eqn{w_{ij}=I(} point eqn{j} is a NN of point \eqn{i))},
| ^
checkRd: (-1) funsQandR.Rd:29: Lost braces
29 | \code{Rval}{the \eqn{R} value, the number of reflexive NNs}
| ^
checkRd: (-1) rself.ref.Rd:55: Lost braces; missing escapes or markup?
55 | \eqn{X_i \stackrel{iid}{\sim} BVN(CM(S_1),I_{2x})} where \eqn{CM(S_1)} is the center of mass of \eqn{S_1} and I_{2x} is a \eqn{2 \times 2} matrix with diagonals
| ^
checkRd: (-1) rself.ref.Rd:61: Lost braces; missing escapes or markup?
61 | \eqn{Y_j \stackrel{iid}{\sim} BVN(CM(S_2),I_{2y})} where \eqn{CM(S_1)} is the center of mass of \eqn{S_1} and I_{2y} is a \eqn{2 \times 2} matrix with diagonals
| ^
checkRd: (-1) sharedNNmc.Rd:27: Lost braces
27 | \code{Rval}{the \eqn{R} value, the number of reflexive NNs}
| ^
checkRd: (-1) swamptrees.Rd:37: Lost braces in \itemize; meant \describe ?
checkRd: (-1) swamptrees.Rd:38: Lost braces in \itemize; meant \describe ?
checkRd: (-1) swamptrees.Rd:39: Lost braces in \itemize; meant \describe ?
checkRd: (-1) swamptrees.Rd:40: Lost braces in \itemize; meant \describe ?
checkRd: (-1) swamptrees.Rd:41: Lost braces in \itemize; meant \describe ?
Flavors: r-devel-linux-x86_64-debian-clang, r-devel-linux-x86_64-debian-gcc