CRAN Package Check Results for Package nmathresh

Last updated on 2024-06-14 05:58:31 CEST.

Flavor Version Tinstall Tcheck Ttotal Status Flags
r-devel-linux-x86_64-debian-clang 0.1.6 14.22 172.20 186.42 OK
r-devel-linux-x86_64-debian-gcc 0.1.6 0.64 1.79 2.43 ERROR
r-devel-linux-x86_64-fedora-clang 0.1.6 245.24 OK
r-devel-linux-x86_64-fedora-gcc 0.1.6 243.49 OK
r-devel-windows-x86_64 0.1.6 11.00 102.00 113.00 OK
r-patched-linux-x86_64 0.1.6 10.19 169.87 180.06 OK
r-release-linux-x86_64 0.1.6 11.40 168.55 179.95 OK
r-release-macos-arm64 0.1.6 55.00 OK
r-release-macos-x86_64 0.1.6 82.00 OK
r-release-windows-x86_64 0.1.6 10.00 101.00 111.00 OK
r-oldrel-macos-arm64 0.1.6 58.00 OK
r-oldrel-macos-x86_64 0.1.6 88.00 OK
r-oldrel-windows-x86_64 0.1.6 15.00 126.00 141.00 OK

Check Details

Version: 0.1.6
Check: package dependencies
Result: ERROR Package required but not available: ‘ggplot2’ See section ‘The DESCRIPTION file’ in the ‘Writing R Extensions’ manual. Flavor: r-devel-linux-x86_64-debian-gcc