Last updated on 2023-12-04 05:09:14 CET.
Flavor | Version | Tinstall | Tcheck | Ttotal | Status | Flags |
---|---|---|---|---|---|---|
r-devel-linux-x86_64-debian-clang | 1.2-2.2 | 14.89 | 375.09 | 389.98 | NOTE | |
r-devel-linux-x86_64-debian-gcc | 1.2-2.2 | 10.52 | 82.32 | 92.84 | NOTE | |
r-devel-linux-x86_64-fedora-clang | 1.2-2.2 | 148.98 | NOTE | |||
r-devel-linux-x86_64-fedora-gcc | 1.2-2.2 | 143.26 | NOTE | |||
r-devel-windows-x86_64 | 1.2-2.2 | 11.00 | 102.00 | 113.00 | NOTE | |
r-patched-linux-x86_64 | 1.2-2.2 | 9.90 | 104.47 | 114.37 | NOTE | |
r-release-linux-x86_64 | 1.2-2.2 | 11.12 | 103.88 | 115.00 | NOTE | |
r-release-macos-arm64 | 1.2-2.2 | 46.00 | NOTE | |||
r-release-macos-x86_64 | 1.2-2.2 | 78.00 | NOTE | |||
r-release-windows-x86_64 | 1.2-2.2 | 15.00 | 118.00 | 133.00 | NOTE | |
r-oldrel-macos-arm64 | 1.2-2.2 | 39.00 | OK | |||
r-oldrel-macos-x86_64 | 1.2-2.2 | 55.00 | OK | |||
r-oldrel-windows-x86_64 | 1.2-2.2 | 15.00 | 126.00 | 141.00 | OK |
Version: 1.2-2.2
Check: Rd files
Result: NOTE
checkRd: (-1) Dmean.Rd:62: Escaped LaTeX specials: \&
checkRd: (-1) Dvar.Rd:63: Escaped LaTeX specials: \&
Flavors: r-devel-linux-x86_64-debian-clang, r-devel-linux-x86_64-debian-gcc, r-devel-linux-x86_64-fedora-clang, r-devel-linux-x86_64-fedora-gcc, r-devel-windows-x86_64, r-patched-linux-x86_64, r-release-linux-x86_64, r-release-macos-arm64, r-release-macos-x86_64, r-release-windows-x86_64
Version: 1.2-2.2
Check: package dependencies
Result: NOTE
Package suggested but not available for checking: ‘csampling’
Flavor: r-release-macos-x86_64
Version: 1.2-2.2
Check: Rd cross-references
Result: NOTE
Package unavailable to check Rd xrefs: ‘csampling’
Flavor: r-release-macos-x86_64