CRAN Package Check Results for Package nlmeVPC

Last updated on 2024-02-24 04:58:49 CET.

Flavor Version Tinstall Tcheck Ttotal Status Flags
r-devel-linux-x86_64-debian-clang 2.6 46.99 306.76 353.75 NOTE
r-devel-linux-x86_64-debian-gcc 2.6 33.62 217.94 251.56 NOTE
r-devel-linux-x86_64-fedora-clang 2.6 429.85 NOTE
r-devel-linux-x86_64-fedora-gcc 2.6 426.55 NOTE
r-devel-windows-x86_64 2.6 37.00 230.00 267.00 NOTE
r-patched-linux-x86_64 2.6 37.32 311.60 348.92 NOTE
r-release-linux-x86_64 2.6 32.30 304.13 336.43 NOTE
r-release-macos-arm64 2.6 114.00 NOTE
r-release-macos-x86_64 2.6 194.00 NOTE
r-release-windows-x86_64 2.6 49.00 310.00 359.00 NOTE
r-oldrel-macos-arm64 2.6 87.00 OK
r-oldrel-windows-x86_64 2.6 47.00 288.00 335.00 OK

Check Details

Version: 2.6
Check: C++ specification
Result: NOTE Specified C++11: please drop specification unless essential Flavors: r-devel-linux-x86_64-debian-clang, r-devel-linux-x86_64-debian-gcc, r-devel-linux-x86_64-fedora-clang, r-devel-linux-x86_64-fedora-gcc, r-devel-windows-x86_64, r-patched-linux-x86_64, r-release-linux-x86_64, r-release-macos-arm64, r-release-macos-x86_64, r-release-windows-x86_64