CRAN Package Check Results for Package nimble

Last updated on 2024-03-03 04:48:42 CET.

Flavor Version Tinstall Tcheck Ttotal Status Flags
r-devel-linux-x86_64-debian-clang 1.1.0 527.86 326.94 854.80 OK
r-devel-linux-x86_64-debian-gcc 1.1.0 411.51 248.84 660.35 OK
r-devel-linux-x86_64-fedora-clang 1.1.0 1202.52 NOTE
r-devel-linux-x86_64-fedora-gcc 1.1.0 1150.52 OK
r-devel-windows-x86_64 1.1.0 446.00 256.00 702.00 NOTE
r-patched-linux-x86_64 1.1.0 476.44 326.42 802.86 OK
r-release-linux-x86_64 1.1.0 511.87 324.27 836.14 OK
r-release-macos-arm64 1.1.0 250.00 NOTE
r-release-macos-x86_64 1.1.0 733.00 NOTE
r-release-windows-x86_64 1.1.0 563.00 321.00 884.00 NOTE
r-oldrel-macos-arm64 1.1.0 220.00 NOTE
r-oldrel-windows-x86_64 1.1.0 518.00 269.00 787.00 NOTE

Check Details

Version: 1.1.0
Check: installed package size
Result: NOTE installed size is 25.2Mb sub-directories of 1Mb or more: CppCode 2.8Mb R 7.7Mb classic-bugs 1.6Mb include 11.9Mb Flavors: r-devel-linux-x86_64-fedora-clang, r-devel-windows-x86_64, r-release-macos-arm64, r-release-macos-x86_64, r-release-windows-x86_64, r-oldrel-macos-arm64, r-oldrel-windows-x86_64