CRAN Package Check Results for Package nima

Last updated on 2023-12-07 04:56:30 CET.

Flavor Version Tinstall Tcheck Ttotal Status Flags
r-devel-linux-x86_64-debian-clang 0.6.2 7.03 60.06 67.09 NOTE
r-devel-linux-x86_64-debian-gcc 0.6.2 5.49 44.56 50.05 NOTE
r-devel-linux-x86_64-fedora-clang 0.6.2 80.96 NOTE
r-devel-linux-x86_64-fedora-gcc 0.6.2 75.89 NOTE
r-devel-windows-x86_64 0.6.2 7.00 72.00 79.00 NOTE
r-patched-linux-x86_64 0.6.2 4.05 55.46 59.51 NOTE
r-release-linux-x86_64 0.6.2 4.17 55.37 59.54 NOTE
r-release-macos-arm64 0.6.2 28.00 NOTE
r-release-macos-x86_64 0.6.2 40.00 NOTE
r-release-windows-x86_64 0.6.2 8.00 76.00 84.00 NOTE
r-oldrel-macos-arm64 0.6.2 27.00 NOTE
r-oldrel-macos-x86_64 0.6.2 46.00 NOTE
r-oldrel-windows-x86_64 0.6.2 9.00 80.00 89.00 NOTE

Check Details

Version: 0.6.2
Check: LazyData
Result: NOTE 'LazyData' is specified without a 'data' directory Flavors: r-devel-linux-x86_64-debian-clang, r-devel-linux-x86_64-debian-gcc, r-devel-linux-x86_64-fedora-clang, r-devel-linux-x86_64-fedora-gcc, r-devel-windows-x86_64, r-patched-linux-x86_64, r-release-linux-x86_64, r-release-macos-arm64, r-release-macos-x86_64, r-release-windows-x86_64, r-oldrel-macos-arm64, r-oldrel-macos-x86_64, r-oldrel-windows-x86_64