CRAN Package Check Results for Package niaidMI

Last updated on 2024-02-26 04:49:33 CET.

Flavor Version Tinstall Tcheck Ttotal Status Flags
r-devel-linux-x86_64-debian-clang 1.1.0 20.71 277.94 298.65 NOTE
r-devel-linux-x86_64-debian-gcc 1.1.0 14.56 179.40 193.96 NOTE
r-devel-linux-x86_64-fedora-clang 1.1.0 347.69 OK
r-devel-linux-x86_64-fedora-gcc 1.1.0 346.52 OK
r-devel-windows-x86_64 1.1.0 17.00 189.00 206.00 OK
r-patched-linux-x86_64 1.1.0 19.10 271.80 290.90 OK
r-release-linux-x86_64 1.1.0 19.45 269.93 289.38 OK
r-release-macos-arm64 1.1.0 80.00 OK
r-release-macos-x86_64 1.1.0 145.00 OK
r-release-windows-x86_64 1.1.0 16.00 250.00 266.00 OK
r-oldrel-macos-arm64 1.1.0 76.00 OK
r-oldrel-windows-x86_64 1.1.0 23.00 248.00 271.00 OK

Check Details

Version: 1.1.0
Check: Rd files
Result: NOTE checkRd: (-1) bootstrap_param_est.Rd:52: Lost braces in \itemize; meant \describe ? checkRd: (-1) bootstrap_param_est.Rd:53: Lost braces in \itemize; meant \describe ? checkRd: (-1) bootstrap_param_est.Rd:54: Lost braces in \itemize; meant \describe ? checkRd: (-1) get_emission.Rd:25: Lost braces in \itemize; meant \describe ? checkRd: (-1) get_emission.Rd:26: Lost braces in \itemize; meant \describe ? checkRd: (-1) get_emission.Rd:27: Lost braces in \itemize; meant \describe ? checkRd: (-1) impute.Rd:51: Lost braces in \itemize; meant \describe ? checkRd: (-1) impute.Rd:52: Lost braces in \itemize; meant \describe ? checkRd: (-1) impute.Rd:53: Lost braces in \itemize; meant \describe ? checkRd: (-1) impute_ref.Rd:54: Lost braces in \itemize; meant \describe ? checkRd: (-1) impute_ref.Rd:55: Lost braces in \itemize; meant \describe ? checkRd: (-1) impute_ref.Rd:56: Lost braces in \itemize; meant \describe ? checkRd: (-1) sim_data.Rd:42: Lost braces in \itemize; \value handles \item{}{} directly checkRd: (-1) sim_data.Rd:43: Lost braces in \itemize; \value handles \item{}{} directly checkRd: (-1) sim_data.Rd:44: Lost braces in \itemize; \value handles \item{}{} directly Flavors: r-devel-linux-x86_64-debian-clang, r-devel-linux-x86_64-debian-gcc