CRAN Package Check Results for Package nftbart

Last updated on 2024-07-14 05:53:38 CEST.

Flavor Version Tinstall Tcheck Ttotal Status Flags
r-devel-linux-x86_64-debian-clang 2.1 36.40 85.95 122.35 NOTE
r-devel-linux-x86_64-debian-gcc 2.1 31.31 63.39 94.70 NOTE
r-devel-linux-x86_64-fedora-clang 2.1 150.82 NOTE
r-devel-linux-x86_64-fedora-gcc 2.1 157.89 NOTE
r-devel-windows-x86_64 2.1 29.00 101.00 130.00 NOTE
r-patched-linux-x86_64 2.1 37.91 81.82 119.73 NOTE
r-release-linux-x86_64 2.1 31.39 81.71 113.10 NOTE
r-release-macos-arm64 2.1 45.00 NOTE
r-release-macos-x86_64 2.1 66.00 NOTE
r-release-windows-x86_64 2.1 30.00 101.00 131.00 NOTE
r-oldrel-macos-arm64 2.1 50.00 NOTE
r-oldrel-macos-x86_64 2.1 104.00 NOTE
r-oldrel-windows-x86_64 2.1 36.00 120.00 156.00 NOTE

Check Details

Version: 2.1
Check: C++ specification
Result: NOTE Specified C++14: please drop specification unless essential Flavors: r-devel-linux-x86_64-debian-clang, r-devel-linux-x86_64-debian-gcc, r-devel-linux-x86_64-fedora-clang, r-devel-linux-x86_64-fedora-gcc, r-devel-windows-x86_64, r-patched-linux-x86_64, r-release-linux-x86_64, r-release-macos-arm64, r-release-macos-x86_64, r-release-windows-x86_64, r-oldrel-macos-arm64, r-oldrel-macos-x86_64, r-oldrel-windows-x86_64