Last updated on 2023-12-11 04:51:13 CET.
Flavor | Version | Tinstall | Tcheck | Ttotal | Status | Flags |
---|---|---|---|---|---|---|
r-devel-linux-x86_64-debian-clang | 2.1 | 41.94 | 85.89 | 127.83 | NOTE | |
r-devel-linux-x86_64-debian-gcc | 2.1 | 30.54 | 64.61 | 95.15 | NOTE | |
r-devel-linux-x86_64-fedora-clang | 2.1 | 161.28 | NOTE | |||
r-devel-linux-x86_64-fedora-gcc | 2.1 | 169.59 | NOTE | |||
r-devel-windows-x86_64 | 2.1 | 28.00 | 103.00 | 131.00 | NOTE | |
r-patched-linux-x86_64 | 2.1 | 31.21 | 84.00 | 115.21 | NOTE | |
r-release-linux-x86_64 | 2.1 | 33.26 | 84.65 | 117.91 | NOTE | |
r-release-macos-arm64 | 2.1 | 50.00 | NOTE | |||
r-release-macos-x86_64 | 2.1 | 104.00 | NOTE | |||
r-release-windows-x86_64 | 2.1 | 38.00 | 119.00 | 157.00 | NOTE | |
r-oldrel-macos-arm64 | 2.1 | 48.00 | OK | |||
r-oldrel-macos-x86_64 | 1.6 | 64.00 | OK | |||
r-oldrel-windows-x86_64 | 2.1 | 33.00 | 118.00 | 151.00 | OK |
Version: 2.1
Check: C++ specification
Result: NOTE
Specified C++14: please drop specification unless essential
Flavors: r-devel-linux-x86_64-debian-clang, r-devel-linux-x86_64-debian-gcc, r-devel-linux-x86_64-fedora-clang, r-devel-linux-x86_64-fedora-gcc, r-devel-windows-x86_64, r-patched-linux-x86_64, r-release-linux-x86_64, r-release-macos-arm64, r-release-macos-x86_64, r-release-windows-x86_64