Last updated on 2023-12-01 04:54:03 CET.
Flavor | Version | Tinstall | Tcheck | Ttotal | Status | Flags |
---|---|---|---|---|---|---|
r-devel-linux-x86_64-debian-clang | 0.1.1 | 6.15 | 53.21 | 59.36 | OK | |
r-devel-linux-x86_64-debian-gcc | 0.1.1 | 4.34 | 40.59 | 44.93 | OK | |
r-devel-linux-x86_64-fedora-clang | 0.1.1 | 73.05 | NOTE | |||
r-devel-linux-x86_64-fedora-gcc | 0.1.1 | 81.79 | NOTE | |||
r-devel-windows-x86_64 | 0.1.1 | 7.00 | 66.00 | 73.00 | OK | |
r-patched-linux-x86_64 | 0.1.1 | 4.45 | 51.05 | 55.50 | OK | |
r-release-linux-x86_64 | 0.1.1 | 3.59 | 51.04 | 54.63 | OK | |
r-release-macos-arm64 | 0.1.1 | 36.00 | OK | |||
r-release-macos-x86_64 | 0.1.1 | 53.00 | OK | |||
r-release-windows-x86_64 | 0.1.1 | 8.00 | 71.00 | 79.00 | OK | |
r-oldrel-macos-arm64 | 0.1.1 | 25.00 | NOTE | |||
r-oldrel-macos-x86_64 | 0.1.1 | 49.00 | NOTE | |||
r-oldrel-windows-x86_64 | 0.1.1 | 9.00 | 71.00 | 80.00 | OK |
Version: 0.1.1
Check: dependencies in R code
Result: NOTE
Namespaces in Imports field not imported from:
‘devtools’ ‘xml2’
All declared Imports should be used.
Flavors: r-devel-linux-x86_64-fedora-clang, r-devel-linux-x86_64-fedora-gcc, r-oldrel-macos-arm64, r-oldrel-macos-x86_64
Version: 0.1.1
Check: data for non-ASCII characters
Result: NOTE
Note: found 318 marked UTF-8 strings
Flavors: r-devel-linux-x86_64-fedora-clang, r-devel-linux-x86_64-fedora-gcc, r-oldrel-macos-arm64, r-oldrel-macos-x86_64