Last updated on 2023-12-02 04:52:21 CET.
Flavor | Version | Tinstall | Tcheck | Ttotal | Status | Flags |
---|---|---|---|---|---|---|
r-devel-linux-x86_64-debian-clang | 1.32.3 | 12.04 | 247.66 | 259.70 | NOTE | |
r-devel-linux-x86_64-debian-gcc | 1.32.3 | 8.27 | 174.78 | 183.05 | NOTE | |
r-devel-linux-x86_64-fedora-clang | 1.32.3 | 333.96 | OK | |||
r-devel-linux-x86_64-fedora-gcc | 1.32.3 | 341.39 | OK | |||
r-devel-windows-x86_64 | 1.32.3 | 10.00 | 1069.00 | 1079.00 | OK | |
r-patched-linux-x86_64 | 1.32.3 | 16.44 | 241.65 | 258.09 | OK | |
r-release-linux-x86_64 | 1.32.3 | 9.85 | 244.44 | 254.29 | OK | |
r-release-macos-arm64 | 1.32.3 | 140.00 | OK | |||
r-release-macos-x86_64 | 1.32.3 | 237.00 | OK | |||
r-release-windows-x86_64 | 1.32.3 | 13.00 | 1246.00 | 1259.00 | OK | |
r-oldrel-macos-arm64 | 1.32.3 | 161.00 | OK | |||
r-oldrel-macos-x86_64 | 1.32.3 | 218.00 | OK | |||
r-oldrel-windows-x86_64 | 1.32.3 | 12.00 | 682.00 | 694.00 | OK |
Version: 1.32.3
Check: Rd files
Result: NOTE
checkRd: (-1) orient_rpi.Rd:23: Lost braces in \itemize; \value handles \item{}{} directly
checkRd: (-1) orient_rpi.Rd:24: Lost braces in \itemize; \value handles \item{}{} directly
checkRd: (-1) orient_rpi.Rd:25: Lost braces in \itemize; \value handles \item{}{} directly
Flavors: r-devel-linux-x86_64-debian-clang, r-devel-linux-x86_64-debian-gcc