CRAN Package Check Results for Package nett

Last updated on 2024-02-26 04:49:33 CET.

Flavor Version Tinstall Tcheck Ttotal Status Flags
r-devel-linux-x86_64-debian-clang 1.0.0 42.64 362.67 405.31 NOTE
r-devel-linux-x86_64-debian-gcc 1.0.0 31.78 267.44 299.22 NOTE
r-devel-linux-x86_64-fedora-clang 1.0.0 495.44 OK
r-devel-linux-x86_64-fedora-gcc 1.0.0 500.43 OK
r-devel-windows-x86_64 1.0.0 35.00 464.00 499.00 OK
r-patched-linux-x86_64 1.0.0 41.48 356.96 398.44 OK
r-release-linux-x86_64 1.0.0 41.92 356.40 398.32 OK
r-release-macos-arm64 1.0.0 175.00 OK
r-release-macos-x86_64 1.0.0 292.00 OK
r-release-windows-x86_64 1.0.0 42.00 524.00 566.00 OK
r-oldrel-macos-arm64 1.0.0 164.00 OK
r-oldrel-windows-x86_64 1.0.0 41.00 567.00 608.00 OK

Check Details

Version: 1.0.0
Check: Rd files
Result: NOTE checkRd: (-1) spec_clust.Rd:33: Lost braces; missing escapes or markup? 33 | A label vector of size n x 1 with elements in {1,2,...,K} | ^ Flavors: r-devel-linux-x86_64-debian-clang, r-devel-linux-x86_64-debian-gcc