Last updated on 2023-12-06 04:55:58 CET.
Flavor | Version | Tinstall | Tcheck | Ttotal | Status | Flags |
---|---|---|---|---|---|---|
r-devel-linux-x86_64-debian-clang | 1.3.2 | 3.65 | 38.42 | 42.07 | OK | |
r-devel-linux-x86_64-debian-gcc | 1.3.2 | 2.81 | 29.66 | 32.47 | OK | |
r-devel-linux-x86_64-fedora-clang | 1.3.2 | 54.24 | OK | |||
r-devel-linux-x86_64-fedora-gcc | 1.3.2 | 62.08 | OK | |||
r-devel-windows-x86_64 | 1.3.2 | 5.00 | 59.00 | 64.00 | OK | |
r-patched-linux-x86_64 | 1.3.2 | 4.26 | 37.84 | 42.10 | OK | |
r-release-linux-x86_64 | 1.3.2 | 2.52 | 37.73 | 40.25 | OK | |
r-release-macos-arm64 | 1.3.2 | 27.00 | OK | |||
r-release-macos-x86_64 | 1.3.2 | 47.00 | OK | |||
r-release-windows-x86_64 | 1.3.2 | 6.00 | 63.00 | 69.00 | OK | |
r-oldrel-macos-arm64 | 1.3.2 | 27.00 | OK | |||
r-oldrel-macos-x86_64 | 1.3.1 | 30.00 | NOTE | |||
r-oldrel-windows-x86_64 | 1.3.2 | 7.00 | 62.00 | 69.00 | OK |
Version: 1.3.1
Check: LazyData
Result: NOTE
'LazyData' is specified without a 'data' directory
Flavor: r-oldrel-macos-x86_64