Last updated on 2023-12-10 04:56:05 CET.
Flavor | Version | Tinstall | Tcheck | Ttotal | Status | Flags |
---|---|---|---|---|---|---|
r-devel-linux-x86_64-debian-clang | 1.0.2 | 832.45 | 129.03 | 961.48 | NOTE | |
r-devel-linux-x86_64-debian-gcc | 1.0.2 | 536.10 | 95.38 | 631.48 | NOTE | |
r-devel-linux-x86_64-fedora-clang | 1.0.2 | 1609.74 | NOTE | |||
r-devel-linux-x86_64-fedora-gcc | 1.0.2 | 1416.33 | NOTE | |||
r-devel-windows-x86_64 | 1.0.2 | 605.00 | 139.00 | 744.00 | NOTE | |
r-patched-linux-x86_64 | 1.0.2 | 642.19 | 122.77 | 764.96 | NOTE | |
r-release-linux-x86_64 | 1.0.2 | 664.97 | 123.66 | 788.63 | NOTE | |
r-release-macos-arm64 | 1.0.2 | 290.00 | NOTE | |||
r-release-macos-x86_64 | 1.0.2 | 514.00 | NOTE | |||
r-release-windows-x86_64 | 1.0.2 | 759.00 | 163.00 | 922.00 | NOTE | |
r-oldrel-macos-arm64 | 1.0.2 | 263.00 | NOTE | |||
r-oldrel-macos-x86_64 | 1.0.2 | 347.00 | NOTE | |||
r-oldrel-windows-x86_64 | 1.0.2 | 759.00 | 160.00 | 919.00 | OK |
Version: 1.0.2
Check: C++ specification
Result: NOTE
Specified C++11: please drop specification unless essential
Flavors: r-devel-linux-x86_64-debian-clang, r-devel-linux-x86_64-debian-gcc, r-devel-linux-x86_64-fedora-clang, r-devel-linux-x86_64-fedora-gcc, r-devel-windows-x86_64, r-patched-linux-x86_64, r-release-linux-x86_64, r-release-macos-arm64, r-release-macos-x86_64, r-release-windows-x86_64
Version: 1.0.2
Check: installed package size
Result: NOTE
installed size is 13.0Mb
sub-directories of 1Mb or more:
libs 12.7Mb
Flavors: r-release-macos-arm64, r-release-macos-x86_64, r-oldrel-macos-arm64, r-oldrel-macos-x86_64