CRAN Package Check Results for Package neonstore

Last updated on 2023-12-06 04:55:58 CET.

Flavor Version Tinstall Tcheck Ttotal Status Flags
r-devel-linux-x86_64-debian-clang 0.4.4 8.16 70.21 78.37 OK
r-devel-linux-x86_64-debian-gcc 0.4.4 6.04 52.90 58.94 OK
r-devel-linux-x86_64-fedora-clang 0.4.4 97.57 OK
r-devel-linux-x86_64-fedora-gcc 0.4.4 91.45 OK
r-devel-windows-x86_64 0.4.4 8.00 72.00 80.00 OK
r-patched-linux-x86_64 0.4.4 8.13 65.68 73.81 OK
r-release-linux-x86_64 0.4.4 8.51 67.43 75.94 OK
r-release-macos-arm64 0.4.4 33.00 NOTE
r-release-macos-x86_64 0.4.4 49.00 NOTE
r-release-windows-x86_64 0.4.4 10.00 84.00 94.00 OK
r-oldrel-macos-arm64 0.4.4 27.00 NOTE
r-oldrel-macos-x86_64 0.4.4 42.00 OK
r-oldrel-windows-x86_64 0.4.4 11.00 84.00 95.00 OK

Check Details

Version: 0.4.4
Check: package dependencies
Result: NOTE Package suggested but not available for checking: ‘rhdf5’ Flavors: r-release-macos-arm64, r-release-macos-x86_64, r-oldrel-macos-arm64