Last updated on 2023-12-04 05:09:13 CET.
Flavor | Version | Tinstall | Tcheck | Ttotal | Status | Flags |
---|---|---|---|---|---|---|
r-devel-linux-x86_64-debian-clang | 0.13.3 | 10.00 | 386.99 | 396.99 | NOTE | |
r-devel-linux-x86_64-debian-gcc | 0.13.3 | 7.46 | 397.95 | 405.41 | NOTE | |
r-devel-linux-x86_64-fedora-clang | 0.13.3 | 540.16 | OK | |||
r-devel-linux-x86_64-fedora-gcc | 0.13.3 | 583.60 | OK | |||
r-devel-windows-x86_64 | 0.13.3 | 9.00 | 138.00 | 147.00 | OK | --no-vignettes |
r-patched-linux-x86_64 | 0.13.3 | 13.27 | 432.40 | 445.67 | OK | |
r-release-linux-x86_64 | 0.13.3 | 5.54 | 470.58 | 476.12 | OK | |
r-release-macos-arm64 | 0.13.3 | 404.00 | OK | |||
r-release-macos-x86_64 | 0.13.3 | 396.00 | OK | |||
r-release-windows-x86_64 | 0.13.3 | 11.00 | 181.00 | 192.00 | OK | --no-vignettes |
r-oldrel-macos-arm64 | 0.13.3 | 218.00 | OK | |||
r-oldrel-macos-x86_64 | 0.13.3 | 282.00 | OK | |||
r-oldrel-windows-x86_64 | 0.13.3 | 12.00 | 162.00 | 174.00 | OK | --no-vignettes |
Version: 0.13.3
Check: Rd files
Result: NOTE
checkRd: (-1) render.d3movie.Rd:104: Lost braces in \itemize; meant \describe ?
checkRd: (-1) render.d3movie.Rd:105: Lost braces in \itemize; meant \describe ?
checkRd: (-1) render.d3movie.Rd:106: Lost braces in \itemize; meant \describe ?
checkRd: (-1) render.d3movie.Rd:107: Lost braces in \itemize; meant \describe ?
checkRd: (-1) render.d3movie.Rd:108: Lost braces in \itemize; meant \describe ?
checkRd: (-1) render.d3movie.Rd:109: Lost braces in \itemize; meant \describe ?
checkRd: (-1) render.d3movie.Rd:110: Lost braces in \itemize; meant \describe ?
checkRd: (-1) render.d3movie.Rd:111: Lost braces in \itemize; meant \describe ?
checkRd: (-1) render.d3movie.Rd:112: Lost braces in \itemize; meant \describe ?
checkRd: (-1) render.d3movie.Rd:113: Lost braces in \itemize; meant \describe ?
checkRd: (-1) render.d3movie.Rd:114: Lost braces in \itemize; meant \describe ?
checkRd: (-1) render.d3movie.Rd:115: Lost braces in \itemize; meant \describe ?
checkRd: (-1) render.d3movie.Rd:116: Lost braces in \itemize; meant \describe ?
checkRd: (-1) render.d3movie.Rd:117: Lost braces in \itemize; meant \describe ?
checkRd: (-1) render.d3movie.Rd:118: Lost braces in \itemize; meant \describe ?
checkRd: (-1) render.d3movie.Rd:119: Lost braces in \itemize; meant \describe ?
checkRd: (-1) render.d3movie.Rd:126: Lost braces in \itemize; meant \describe ?
checkRd: (-1) render.d3movie.Rd:127: Lost braces in \itemize; meant \describe ?
checkRd: (-1) render.d3movie.Rd:136: Lost braces in \itemize; meant \describe ?
checkRd: (-1) render.d3movie.Rd:137: Lost braces in \itemize; meant \describe ?
checkRd: (-1) render.d3movie.Rd:138: Lost braces in \itemize; meant \describe ?
checkRd: (-1) render.d3movie.Rd:139: Lost braces in \itemize; meant \describe ?
checkRd: (-1) render.d3movie.Rd:141: Lost braces in \itemize; meant \describe ?
checkRd: (-1) render.d3movie.Rd:142: Lost braces in \itemize; meant \describe ?
checkRd: (-1) render.d3movie.Rd:143: Lost braces in \itemize; meant \describe ?
checkRd: (-1) render.d3movie.Rd:144: Lost braces in \itemize; meant \describe ?
Flavors: r-devel-linux-x86_64-debian-clang, r-devel-linux-x86_64-debian-gcc