Last updated on 2023-11-29 04:57:29 CET.
Flavor | Version | Tinstall | Tcheck | Ttotal | Status | Flags |
---|---|---|---|---|---|---|
r-devel-linux-x86_64-debian-clang | 0.2.18 | 30.93 | 67.93 | 98.86 | OK | |
r-devel-linux-x86_64-debian-gcc | 0.2.18 | 21.94 | 52.73 | 74.67 | OK | |
r-devel-linux-x86_64-fedora-clang | 0.2.18 | 128.98 | NOTE | |||
r-devel-linux-x86_64-fedora-gcc | 0.2.18 | 127.49 | NOTE | |||
r-devel-windows-x86_64 | 0.2.18 | 25.00 | 102.00 | 127.00 | OK | |
r-patched-linux-x86_64 | 0.2.18 | 25.97 | 67.73 | 93.70 | OK | |
r-release-linux-x86_64 | 0.2.18 | 20.35 | 66.88 | 87.23 | OK | |
r-release-macos-arm64 | 0.2.18 | 46.00 | OK | |||
r-release-macos-x86_64 | 0.2.18 | 60.00 | OK | |||
r-release-windows-x86_64 | 0.2.18 | 34.00 | 122.00 | 156.00 | OK | |
r-oldrel-macos-arm64 | 0.2.18 | 41.00 | NOTE | |||
r-oldrel-macos-x86_64 | 0.2.18 | 63.00 | NOTE | |||
r-oldrel-windows-x86_64 | 0.2.18 | 32.00 | 119.00 | 151.00 | OK |
Version: 0.2.18
Check: data for non-ASCII characters
Result: NOTE
Note: found 7332 marked UTF-8 strings
Flavors: r-devel-linux-x86_64-fedora-clang, r-devel-linux-x86_64-fedora-gcc, r-oldrel-macos-arm64, r-oldrel-macos-x86_64