CRAN Package Check Results for Package ndjson

Last updated on 2024-02-29 04:54:21 CET.

Flavor Version Tinstall Tcheck Ttotal Status Flags
r-devel-linux-x86_64-debian-clang 0.9.0 27.45 30.12 57.57 OK
r-devel-linux-x86_64-debian-gcc 0.9.0 24.16 23.25 47.41 OK
r-devel-linux-x86_64-fedora-clang 0.9.0 87.26 OK
r-devel-linux-x86_64-fedora-gcc 0.9.0 81.25 OK
r-devel-windows-x86_64 0.9.0 24.00 69.00 93.00 NOTE
r-patched-linux-x86_64 0.9.0 30.44 29.80 60.24 OK
r-release-linux-x86_64 0.9.0 29.38 29.72 59.10 OK
r-release-macos-arm64 0.9.0 28.00 OK
r-release-macos-x86_64 0.9.0 42.00 OK
r-release-windows-x86_64 0.9.0 29.00 75.00 104.00 NOTE
r-oldrel-macos-arm64 0.9.0 32.00 OK
r-oldrel-windows-x86_64 0.9.0 29.00 71.00 100.00 OK

Check Details

Version: 0.9.0
Check: C++ specification
Result: NOTE Specified C++14: please drop specification unless essential Flavors: r-devel-windows-x86_64, r-release-windows-x86_64