CRAN Package Check Results for Package ncpen

Last updated on 2024-02-26 04:49:33 CET.

Flavor Version Tinstall Tcheck Ttotal Status Flags
r-devel-linux-x86_64-debian-clang 1.0.0 72.11 49.27 121.38 NOTE
r-devel-linux-x86_64-debian-gcc 1.0.0 60.44 38.08 98.52 NOTE
r-devel-linux-x86_64-fedora-clang 1.0.0 164.09 NOTE
r-devel-linux-x86_64-fedora-gcc 1.0.0 175.38 NOTE
r-devel-windows-x86_64 1.0.0 53.00 86.00 139.00 NOTE
r-patched-linux-x86_64 1.0.0 71.87 47.88 119.75 NOTE
r-release-linux-x86_64 1.0.0 72.82 49.76 122.58 NOTE
r-release-macos-arm64 1.0.0 49.00 NOTE
r-release-macos-x86_64 1.0.0 78.00 NOTE
r-release-windows-x86_64 1.0.0 69.00 94.00 163.00 NOTE
r-oldrel-macos-arm64 1.0.0 57.00 NOTE
r-oldrel-windows-x86_64 1.0.0 66.00 86.00 152.00 NOTE

Check Details

Version: 1.0.0
Check: package subdirectories
Result: NOTE Problems with news in ‘NEWS.md’: No news entries found. Flavors: r-devel-linux-x86_64-debian-clang, r-devel-linux-x86_64-debian-gcc, r-devel-linux-x86_64-fedora-clang, r-devel-linux-x86_64-fedora-gcc, r-devel-windows-x86_64, r-patched-linux-x86_64, r-release-linux-x86_64, r-release-macos-arm64, r-release-macos-x86_64, r-release-windows-x86_64

Version: 1.0.0
Check: Rd files
Result: NOTE checkRd: (-1) ncpen.Rd:108: Lost braces; missing escapes or markup? 108 | \item{gamma}{extra shrinkage parameter for \code{classo} and {sridge} only.} | ^ checkRd: (-1) ncpen.reg.Rd:109: Lost braces; missing escapes or markup? 109 | \item{gamma}{extra shrinkage parameter for \code{classo} and {sridge} only.} | ^ Flavors: r-devel-linux-x86_64-debian-clang, r-devel-linux-x86_64-debian-gcc

Version: 1.0.0
Check: LazyData
Result: NOTE 'LazyData' is specified without a 'data' directory Flavors: r-devel-linux-x86_64-debian-clang, r-devel-linux-x86_64-debian-gcc, r-devel-linux-x86_64-fedora-clang, r-devel-linux-x86_64-fedora-gcc, r-devel-windows-x86_64, r-patched-linux-x86_64, r-release-linux-x86_64, r-release-macos-arm64, r-release-macos-x86_64, r-release-windows-x86_64, r-oldrel-macos-arm64, r-oldrel-windows-x86_64

Version: 1.0.0
Check: installed package size
Result: NOTE installed size is 7.6Mb sub-directories of 1Mb or more: libs 7.4Mb Flavors: r-release-macos-arm64, r-release-macos-x86_64, r-oldrel-macos-arm64