Last updated on 2023-12-04 05:09:13 CET.
Flavor | Version | Tinstall | Tcheck | Ttotal | Status | Flags |
---|---|---|---|---|---|---|
r-devel-linux-x86_64-debian-clang | 0.1 | 69.85 | 85.37 | 155.22 | NOTE | |
r-devel-linux-x86_64-debian-gcc | 0.1 | 52.95 | 64.12 | 117.07 | NOTE | |
r-devel-linux-x86_64-fedora-clang | 0.1 | 196.51 | NOTE | |||
r-devel-linux-x86_64-fedora-gcc | 0.1 | 148.17 | NOTE | |||
r-devel-windows-x86_64 | 0.1 | 54.00 | 110.00 | 164.00 | NOTE | |
r-patched-linux-x86_64 | 0.1 | 54.79 | 83.53 | 138.32 | NOTE | |
r-release-linux-x86_64 | 0.1 | 62.37 | 82.58 | 144.95 | NOTE | |
r-release-macos-arm64 | 0.1 | 68.00 | NOTE | |||
r-release-macos-x86_64 | 0.1 | 111.00 | NOTE | |||
r-release-windows-x86_64 | 0.1 | 72.00 | 119.00 | 191.00 | NOTE | |
r-oldrel-macos-arm64 | 0.1 | 54.00 | NOTE | |||
r-oldrel-macos-x86_64 | 0.1 | 99.00 | NOTE | |||
r-oldrel-windows-x86_64 | 0.1 | 67.00 | 121.00 | 188.00 | OK |
Version: 0.1
Check: C++ specification
Result: NOTE
Specified C++11: please drop specification unless essential
Flavors: r-devel-linux-x86_64-debian-clang, r-devel-linux-x86_64-debian-gcc, r-devel-linux-x86_64-fedora-clang, r-devel-linux-x86_64-fedora-gcc, r-devel-windows-x86_64, r-patched-linux-x86_64, r-release-linux-x86_64, r-release-macos-arm64, r-release-macos-x86_64, r-release-windows-x86_64
Version: 0.1
Check: dependencies in R code
Result: NOTE
Namespaces in Imports field not imported from:
‘glmnet’ ‘rrpack’
All declared Imports should be used.
Flavors: r-devel-linux-x86_64-fedora-clang, r-devel-linux-x86_64-fedora-gcc, r-oldrel-macos-arm64, r-oldrel-macos-x86_64
Version: 0.1
Check: installed package size
Result: NOTE
installed size is 7.1Mb
sub-directories of 1Mb or more:
libs 6.8Mb
Flavors: r-release-macos-arm64, r-release-macos-x86_64, r-oldrel-macos-arm64, r-oldrel-macos-x86_64