CRAN Package Check Results for Package nbfar

Last updated on 2024-06-14 05:58:31 CEST.

Flavor Version Tinstall Tcheck Ttotal Status Flags
r-devel-linux-x86_64-debian-clang 0.1 68.86 84.93 153.79 NOTE
r-devel-linux-x86_64-debian-gcc 0.1 0.35 1.86 2.21 ERROR
r-devel-linux-x86_64-fedora-clang 0.1 199.11 NOTE
r-devel-linux-x86_64-fedora-gcc 0.1 234.49 NOTE
r-devel-windows-x86_64 0.1 56.00 107.00 163.00 NOTE
r-patched-linux-x86_64 0.1 60.62 84.33 144.95 NOTE
r-release-linux-x86_64 0.1 65.00 81.39 146.39 NOTE
r-release-macos-arm64 0.1 57.00 NOTE
r-release-macos-x86_64 0.1 103.00 NOTE
r-release-windows-x86_64 0.1 56.00 108.00 164.00 NOTE
r-oldrel-macos-arm64 0.1 68.00 NOTE
r-oldrel-macos-x86_64 0.1 111.00 NOTE
r-oldrel-windows-x86_64 0.1 67.00 124.00 191.00 NOTE

Check Details

Version: 0.1
Check: C++ specification
Result: NOTE Specified C++11: please drop specification unless essential Flavors: r-devel-linux-x86_64-debian-clang, r-devel-linux-x86_64-fedora-clang, r-devel-linux-x86_64-fedora-gcc, r-devel-windows-x86_64, r-patched-linux-x86_64, r-release-linux-x86_64, r-release-macos-arm64, r-release-macos-x86_64, r-release-windows-x86_64, r-oldrel-macos-arm64, r-oldrel-macos-x86_64, r-oldrel-windows-x86_64

Version: 0.1
Check: package dependencies
Result: ERROR Package required but not available: ‘rrpack’ See section ‘The DESCRIPTION file’ in the ‘Writing R Extensions’ manual. Flavor: r-devel-linux-x86_64-debian-gcc

Version: 0.1
Check: dependencies in R code
Result: NOTE Namespaces in Imports field not imported from: ‘glmnet’ ‘rrpack’ All declared Imports should be used. Flavors: r-devel-linux-x86_64-fedora-clang, r-devel-linux-x86_64-fedora-gcc

Version: 0.1
Check: installed package size
Result: NOTE installed size is 6.8Mb sub-directories of 1Mb or more: libs 6.4Mb Flavors: r-release-macos-arm64, r-release-macos-x86_64, r-oldrel-macos-arm64, r-oldrel-macos-x86_64