Last updated on 2023-12-04 05:09:13 CET.
Flavor | Version | Tinstall | Tcheck | Ttotal | Status | Flags |
---|---|---|---|---|---|---|
r-devel-linux-x86_64-debian-clang | 0.5.1 | 8.96 | 146.08 | 155.04 | NOTE | |
r-devel-linux-x86_64-debian-gcc | 0.5.1 | 7.10 | 110.16 | 117.26 | NOTE | |
r-devel-linux-x86_64-fedora-clang | 0.5.1 | 190.61 | NOTE | |||
r-devel-linux-x86_64-fedora-gcc | 0.5.1 | 195.88 | NOTE | |||
r-devel-windows-x86_64 | 0.5.1 | 9.00 | 126.00 | 135.00 | OK | |
r-patched-linux-x86_64 | 0.5.1 | 5.64 | 139.32 | 144.96 | NOTE | |
r-release-linux-x86_64 | 0.5.1 | 5.42 | 137.73 | 143.15 | NOTE | |
r-release-macos-arm64 | 0.5.1 | 74.00 | OK | |||
r-release-macos-x86_64 | 0.5.1 | 120.00 | OK | |||
r-release-windows-x86_64 | 0.5.1 | 11.00 | 150.00 | 161.00 | OK | |
r-oldrel-macos-arm64 | 0.5.1 | 57.00 | OK | |||
r-oldrel-macos-x86_64 | 0.5.1 | 81.00 | OK | |||
r-oldrel-windows-x86_64 | 0.5.1 | 13.00 | 159.00 | 172.00 | OK |
Version: 0.5.1
Check: package dependencies
Result: NOTE
Packages suggested but not available for checking:
'rgeos', 'rgdal', 'maptools'
Flavors: r-devel-linux-x86_64-debian-clang, r-devel-linux-x86_64-debian-gcc, r-devel-linux-x86_64-fedora-clang, r-devel-linux-x86_64-fedora-gcc, r-patched-linux-x86_64, r-release-linux-x86_64
Version: 0.5.1
Check: Rd files
Result: NOTE
checkRd: (-1) classify_occ.Rd:134-136: Lost braces in \itemize; meant \describe ?
checkRd: (-1) classify_occ.Rd:137-138: Lost braces in \itemize; meant \describe ?
checkRd: (-1) classify_occ.Rd:139-140: Lost braces in \itemize; meant \describe ?
checkRd: (-1) classify_occ.Rd:141-142: Lost braces in \itemize; meant \describe ?
checkRd: (-1) classify_occ.Rd:143-144: Lost braces in \itemize; meant \describe ?
checkRd: (-1) classify_occ.Rd:145: Lost braces in \itemize; meant \describe ?
Flavors: r-devel-linux-x86_64-debian-clang, r-devel-linux-x86_64-debian-gcc
Version: 0.5.1
Check: data for non-ASCII characters
Result: NOTE
Note: found 5 marked Latin-1 strings
Note: found 7187 marked UTF-8 strings
Flavors: r-devel-linux-x86_64-fedora-clang, r-devel-linux-x86_64-fedora-gcc