Last updated on 2023-12-06 04:55:58 CET.
Flavor | Version | Tinstall | Tcheck | Ttotal | Status | Flags |
---|---|---|---|---|---|---|
r-devel-linux-x86_64-debian-clang | 1.8.23 | 16.39 | 171.83 | 188.22 | NOTE | |
r-devel-linux-x86_64-debian-gcc | 1.8.23 | 15.79 | 131.77 | 147.56 | NOTE | |
r-devel-linux-x86_64-fedora-clang | 1.8.23 | 240.84 | NOTE | |||
r-devel-linux-x86_64-fedora-gcc | 1.8.23 | 247.81 | NOTE | |||
r-devel-windows-x86_64 | 1.8.23 | 17.00 | 169.00 | 186.00 | OK | |
r-patched-linux-x86_64 | 1.8.23 | 21.57 | 167.24 | 188.81 | OK | |
r-release-linux-x86_64 | 1.8.23 | 11.52 | 164.60 | 176.12 | OK | |
r-release-macos-arm64 | 1.8.23 | 85.00 | OK | |||
r-release-macos-x86_64 | 1.8.23 | 183.00 | OK | |||
r-release-windows-x86_64 | 1.8.23 | 23.00 | 201.00 | 224.00 | OK | |
r-oldrel-macos-arm64 | 1.8.23 | 81.00 | OK | |||
r-oldrel-macos-x86_64 | 1.8.23 | 88.00 | OK | |||
r-oldrel-windows-x86_64 | 1.8.23 | 22.00 | 179.00 | 201.00 | OK |
Version: 1.8.23
Check: Rd files
Result: NOTE
checkRd: (-1) clampmax.Rd:14: Lost braces
14 | \emph{in the input vector}. When code{replace.infinite=FALSE} no action is
| ^
checkRd: (-1) cmtk.call.Rd:64-65: Lost braces in \itemize; meant \describe ?
checkRd: (-1) cmtk.call.Rd:67-68: Lost braces in \itemize; meant \describe ?
checkRd: (-1) cmtk.call.Rd:70-71: Lost braces in \itemize; meant \describe ?
checkRd: (-1) cmtk.call.Rd:73-75: Lost braces in \itemize; meant \describe ?
checkRd: (-1) image.im3d.Rd:82: Lost braces in \itemize; \value handles \item{}{} directly
checkRd: (-1) image.im3d.Rd:84: Lost braces in \itemize; \value handles \item{}{} directly
checkRd: (-1) image.im3d.Rd:86: Lost braces in \itemize; \value handles \item{}{} directly
checkRd: (-1) image.im3d.Rd:88: Lost braces in \itemize; \value handles \item{}{} directly
checkRd: (-1) image.im3d.Rd:90: Lost braces in \itemize; \value handles \item{}{} directly
checkRd: (-1) nat-package.Rd:18-19: Lost braces in \itemize; meant \describe ?
checkRd: (-1) nat-package.Rd:21-23: Lost braces in \itemize; meant \describe ?
checkRd: (-1) nat-package.Rd:152-153: Lost braces in \itemize; meant \describe ?
checkRd: (-1) nat-package.Rd:155-156: Lost braces in \itemize; meant \describe ?
checkRd: (-1) nat-package.Rd:158-161: Lost braces in \itemize; meant \describe ?
checkRd: (-1) neuronlistfh.Rd:104-112: Lost braces in \itemize; meant \describe ?
checkRd: (-1) neuronlistfh.Rd:114-115: Lost braces in \itemize; meant \describe ?
checkRd: (-1) neuronlistfh.Rd:117-118: Lost braces in \itemize; meant \describe ?
checkRd: (-1) neuronlistfh.Rd:120-127: Lost braces in \itemize; meant \describe ?
checkRd: (-1) normalise_swc.Rd:24: Lost braces
24 | code{x}}
| ^
checkRd: (-1) read.hxsurf.Rd:33: Lost braces in \itemize; \value handles \item{}{} directly
checkRd: (-1) read.hxsurf.Rd:35-37: Lost braces in \itemize; \value handles \item{}{} directly
checkRd: (-1) read.hxsurf.Rd:39-40: Lost braces in \itemize; \value handles \item{}{} directly
checkRd: (-1) read.hxsurf.Rd:42-43: Lost braces in \itemize; \value handles \item{}{} directly
checkRd: (-1) seglengths.Rd:19: Lost braces; missing escapes or markup?
19 | {sumsegment=TRUE}, the default) or a list of vectors of lengths of each
| ^
Flavors: r-devel-linux-x86_64-debian-clang, r-devel-linux-x86_64-debian-gcc
Version: 1.8.23
Check: for detritus in the temp directory
Result: NOTE
Found the following files/directories:
‘Crashpad’
Flavors: r-devel-linux-x86_64-fedora-clang, r-devel-linux-x86_64-fedora-gcc