Last updated on 2023-09-24 05:53:16 CEST.
Flavor | Version | Tinstall | Tcheck | Ttotal | Status | Flags |
---|---|---|---|---|---|---|
r-devel-linux-x86_64-debian-clang | 0.1.3 | 1206.64 | 49.58 | 1256.22 | OK | |
r-devel-linux-x86_64-debian-gcc | 0.1.3 | 785.24 | 39.08 | 824.32 | OK | |
r-devel-linux-x86_64-fedora-clang | 0.1.3 | 1919.61 | NOTE | |||
r-devel-linux-x86_64-fedora-gcc | 0.1.3 | 1846.96 | NOTE | |||
r-devel-windows-x86_64 | 0.1.3 | 682.00 | 89.00 | 771.00 | NOTE | |
r-patched-linux-x86_64 | 0.1.3 | 1156.11 | 49.02 | 1205.13 | OK | |
r-release-linux-x86_64 | 0.1.3 | 1156.58 | 48.03 | 1204.61 | OK | |
r-release-macos-arm64 | 0.1.3 | 342.00 | NOTE | |||
r-release-macos-x86_64 | 0.1.3 | 251.00 | NOTE | |||
r-release-windows-x86_64 | 0.1.3 | 937.00 | 104.00 | 1041.00 | NOTE | |
r-oldrel-macos-arm64 | 0.1.3 | 279.00 | NOTE | |||
r-oldrel-macos-x86_64 | 0.1.3 | 420.00 | NOTE | |||
r-oldrel-windows-x86_64 | 0.1.3 | 971.00 | 98.00 | 1069.00 | NOTE |
Version: 0.1.3
Check: installed package size
Result: NOTE
installed size is 5.2Mb
sub-directories of 1Mb or more:
data 1.9Mb
libs 2.0Mb
models 1.1Mb
Flavors: r-devel-linux-x86_64-fedora-clang, r-devel-windows-x86_64, r-release-macos-arm64, r-release-macos-x86_64, r-release-windows-x86_64, r-oldrel-macos-arm64, r-oldrel-macos-x86_64, r-oldrel-windows-x86_64
Version: 0.1.3
Check: data for non-ASCII characters
Result: NOTE
Note: found 47936 marked UTF-8 strings
Flavors: r-devel-linux-x86_64-fedora-clang, r-devel-linux-x86_64-fedora-gcc