CRAN Package Check Results for Package mvnimpute

Last updated on 2024-06-14 05:58:31 CEST.

Flavor Version Tinstall Tcheck Ttotal Status Flags
r-devel-linux-x86_64-debian-clang 1.0.1 68.51 57.69 126.20 OK
r-devel-linux-x86_64-debian-gcc 1.0.1 0.35 1.71 2.06 ERROR
r-devel-linux-x86_64-fedora-clang 1.0.1 187.40 OK
r-devel-linux-x86_64-fedora-gcc 1.0.1 181.80 OK
r-devel-windows-x86_64 1.0.1 56.00 78.00 134.00 OK
r-patched-linux-x86_64 1.0.1 59.35 57.15 116.50 OK
r-release-linux-x86_64 1.0.1 57.39 55.34 112.73 OK
r-release-macos-arm64 1.0.1 40.00 OK
r-release-macos-x86_64 1.0.1 51.00 OK
r-release-windows-x86_64 1.0.1 55.00 86.00 141.00 OK
r-oldrel-macos-arm64 1.0.1 47.00 OK
r-oldrel-macos-x86_64 1.0.1 65.00 OK
r-oldrel-windows-x86_64 1.0.1 70.00 96.00 166.00 OK

Check Details

Version: 1.0.1
Check: package dependencies
Result: ERROR Packages required but not available: 'ggplot2', 'reshape2' Package suggested but not available for checking: ‘mice’ See section ‘The DESCRIPTION file’ in the ‘Writing R Extensions’ manual. Flavor: r-devel-linux-x86_64-debian-gcc