CRAN Package Check Results for Package multimorbidity

Last updated on 2023-12-08 05:02:10 CET.

Flavor Version Tinstall Tcheck Ttotal Status Flags
r-devel-linux-x86_64-debian-clang 0.5.1 7.55 55.84 63.39 OK
r-devel-linux-x86_64-debian-gcc 0.5.1 6.70 42.65 49.35 OK
r-devel-linux-x86_64-fedora-clang 0.5.1 81.90 NOTE
r-devel-linux-x86_64-fedora-gcc 0.5.1 89.30 NOTE
r-devel-windows-x86_64 0.5.1 9.00 63.00 72.00 OK
r-patched-linux-x86_64 0.5.1 5.98 53.82 59.80 OK
r-release-linux-x86_64 0.5.1 6.16 52.42 58.58 OK
r-release-macos-arm64 0.5.1 35.00 OK
r-release-macos-x86_64 0.5.1 51.00 OK
r-release-windows-x86_64 0.5.1 11.00 70.00 81.00 OK
r-oldrel-macos-arm64 0.5.1 30.00 OK
r-oldrel-macos-x86_64 0.5.1 46.00 OK
r-oldrel-windows-x86_64 0.5.1 11.00 72.00 83.00 OK

Check Details

Version: 0.5.1
Check: data for non-ASCII characters
Result: NOTE Note: found 15 marked UTF-8 strings Flavors: r-devel-linux-x86_64-fedora-clang, r-devel-linux-x86_64-fedora-gcc