Last updated on 2023-11-29 04:57:28 CET.
Flavor | Version | Tinstall | Tcheck | Ttotal | Status | Flags |
---|---|---|---|---|---|---|
r-devel-linux-x86_64-debian-clang | 1.2.1 | 40.27 | 297.63 | 337.90 | NOTE | |
r-devel-linux-x86_64-debian-gcc | 1.2.1 | 28.61 | 214.83 | 243.44 | NOTE | |
r-devel-linux-x86_64-fedora-clang | 1.2.1 | 410.60 | NOTE | |||
r-devel-linux-x86_64-fedora-gcc | 1.2.1 | 405.70 | NOTE | |||
r-devel-windows-x86_64 | 1.2.1 | 26.00 | 197.00 | 223.00 | NOTE | |
r-patched-linux-x86_64 | 1.2.1 | 45.18 | 271.87 | 317.05 | NOTE | |
r-release-linux-x86_64 | 1.2.1 | 27.97 | 278.46 | 306.43 | NOTE | |
r-release-macos-arm64 | 1.2.1 | 92.00 | NOTE | |||
r-release-macos-x86_64 | 1.2.1 | 225.00 | NOTE | |||
r-release-windows-x86_64 | 1.2.1 | 35.00 | 254.00 | 289.00 | NOTE | |
r-oldrel-macos-arm64 | 1.2.1 | 96.00 | NOTE | |||
r-oldrel-macos-x86_64 | 1.2.1 | 133.00 | NOTE | |||
r-oldrel-windows-x86_64 | 1.2.1 | 34.00 | 254.00 | 288.00 | NOTE |
Version: 1.2.1
Check: package dependencies
Result: NOTE
Package suggested but not available for checking: ‘cmdstanr’
Flavors: r-devel-linux-x86_64-debian-clang, r-devel-linux-x86_64-debian-gcc, r-devel-linux-x86_64-fedora-clang, r-devel-linux-x86_64-fedora-gcc, r-devel-windows-x86_64, r-patched-linux-x86_64, r-release-linux-x86_64, r-release-macos-arm64, r-release-macos-x86_64, r-release-windows-x86_64, r-oldrel-macos-arm64, r-oldrel-macos-x86_64, r-oldrel-windows-x86_64
Version: 1.2.1
Check: Rd files
Result: NOTE
checkRd: (-1) brmcoda.Rd:23: Lost braces in \itemize; \value handles \item{}{} directly
checkRd: (-1) brmcoda.Rd:24-25: Lost braces in \itemize; \value handles \item{}{} directly
checkRd: (-1) bsub.Rd:55: Lost braces in \itemize; \value handles \item{}{} directly
checkRd: (-1) bsub.Rd:56: Lost braces in \itemize; \value handles \item{}{} directly
checkRd: (-1) bsub.Rd:57: Lost braces in \itemize; \value handles \item{}{} directly
checkRd: (-1) bsub.Rd:58: Lost braces in \itemize; \value handles \item{}{} directly
checkRd: (-1) bsub.Rd:59: Lost braces in \itemize; \value handles \item{}{} directly
checkRd: (-1) bsub.Rd:60: Lost braces in \itemize; \value handles \item{}{} directly
checkRd: (-1) bsub.Rd:61: Lost braces in \itemize; \value handles \item{}{} directly
checkRd: (-1) bsubmargins.Rd:47: Lost braces in \itemize; \value handles \item{}{} directly
checkRd: (-1) bsubmargins.Rd:48: Lost braces in \itemize; \value handles \item{}{} directly
checkRd: (-1) bsubmargins.Rd:49: Lost braces in \itemize; \value handles \item{}{} directly
checkRd: (-1) bsubmargins.Rd:50: Lost braces in \itemize; \value handles \item{}{} directly
checkRd: (-1) bsubmargins.Rd:51: Lost braces in \itemize; \value handles \item{}{} directly
checkRd: (-1) bsubmargins.Rd:52: Lost braces in \itemize; \value handles \item{}{} directly
checkRd: (-1) bsubmargins.Rd:53: Lost braces in \itemize; \value handles \item{}{} directly
checkRd: (-1) compilr.Rd:27-28: Lost braces in \itemize; \value handles \item{}{} directly
checkRd: (-1) compilr.Rd:29-30: Lost braces in \itemize; \value handles \item{}{} directly
checkRd: (-1) compilr.Rd:31-32: Lost braces in \itemize; \value handles \item{}{} directly
checkRd: (-1) compilr.Rd:33: Lost braces in \itemize; \value handles \item{}{} directly
checkRd: (-1) compilr.Rd:34: Lost braces in \itemize; \value handles \item{}{} directly
checkRd: (-1) compilr.Rd:35: Lost braces in \itemize; \value handles \item{}{} directly
checkRd: (-1) compilr.Rd:36: Lost braces in \itemize; \value handles \item{}{} directly
checkRd: (-1) compilr.Rd:37: Lost braces in \itemize; \value handles \item{}{} directly
checkRd: (-1) compilr.Rd:38: Lost braces in \itemize; \value handles \item{}{} directly
checkRd: (-1) compilr.Rd:39: Lost braces in \itemize; \value handles \item{}{} directly
checkRd: (-1) compilr.Rd:40: Lost braces in \itemize; \value handles \item{}{} directly
checkRd: (-1) compilr.Rd:41: Lost braces in \itemize; \value handles \item{}{} directly
checkRd: (-1) submargins.Rd:30: Lost braces in \itemize; \value handles \item{}{} directly
checkRd: (-1) submargins.Rd:31: Lost braces in \itemize; \value handles \item{}{} directly
checkRd: (-1) submargins.Rd:32: Lost braces in \itemize; \value handles \item{}{} directly
checkRd: (-1) submargins.Rd:33: Lost braces in \itemize; \value handles \item{}{} directly
checkRd: (-1) submargins.Rd:34: Lost braces in \itemize; \value handles \item{}{} directly
checkRd: (-1) submargins.Rd:35: Lost braces in \itemize; \value handles \item{}{} directly
checkRd: (-1) submargins.Rd:36: Lost braces in \itemize; \value handles \item{}{} directly
checkRd: (-1) substitution.Rd:55: Lost braces in \itemize; \value handles \item{}{} directly
checkRd: (-1) substitution.Rd:56: Lost braces in \itemize; \value handles \item{}{} directly
checkRd: (-1) substitution.Rd:57: Lost braces in \itemize; \value handles \item{}{} directly
checkRd: (-1) substitution.Rd:58: Lost braces in \itemize; \value handles \item{}{} directly
checkRd: (-1) substitution.Rd:59: Lost braces in \itemize; \value handles \item{}{} directly
checkRd: (-1) substitution.Rd:60: Lost braces in \itemize; \value handles \item{}{} directly
checkRd: (-1) substitution.Rd:61: Lost braces in \itemize; \value handles \item{}{} directly
checkRd: (-1) summary.substitution.Rd:35: Lost braces in \itemize; \value handles \item{}{} directly
checkRd: (-1) summary.substitution.Rd:36: Lost braces in \itemize; \value handles \item{}{} directly
checkRd: (-1) summary.substitution.Rd:37: Lost braces in \itemize; \value handles \item{}{} directly
checkRd: (-1) summary.substitution.Rd:38: Lost braces in \itemize; \value handles \item{}{} directly
checkRd: (-1) summary.substitution.Rd:39: Lost braces in \itemize; \value handles \item{}{} directly
checkRd: (-1) summary.substitution.Rd:40: Lost braces in \itemize; \value handles \item{}{} directly
checkRd: (-1) summary.substitution.Rd:41: Lost braces in \itemize; \value handles \item{}{} directly
checkRd: (-1) update.brmcoda.Rd:26: Lost braces in \itemize; \value handles \item{}{} directly
checkRd: (-1) update.brmcoda.Rd:27-28: Lost braces in \itemize; \value handles \item{}{} directly
checkRd: (-1) update.compilr.Rd:21-22: Lost braces in \itemize; \value handles \item{}{} directly
checkRd: (-1) update.compilr.Rd:23-24: Lost braces in \itemize; \value handles \item{}{} directly
checkRd: (-1) update.compilr.Rd:25-26: Lost braces in \itemize; \value handles \item{}{} directly
checkRd: (-1) update.compilr.Rd:27: Lost braces in \itemize; \value handles \item{}{} directly
checkRd: (-1) update.compilr.Rd:28: Lost braces in \itemize; \value handles \item{}{} directly
checkRd: (-1) update.compilr.Rd:29: Lost braces in \itemize; \value handles \item{}{} directly
checkRd: (-1) update.compilr.Rd:30: Lost braces in \itemize; \value handles \item{}{} directly
checkRd: (-1) update.compilr.Rd:31: Lost braces in \itemize; \value handles \item{}{} directly
checkRd: (-1) update.compilr.Rd:32: Lost braces in \itemize; \value handles \item{}{} directly
checkRd: (-1) update.compilr.Rd:33: Lost braces in \itemize; \value handles \item{}{} directly
checkRd: (-1) update.compilr.Rd:34: Lost braces in \itemize; \value handles \item{}{} directly
checkRd: (-1) update.compilr.Rd:35: Lost braces in \itemize; \value handles \item{}{} directly
checkRd: (-1) wsub.Rd:55: Lost braces in \itemize; \value handles \item{}{} directly
checkRd: (-1) wsub.Rd:56: Lost braces in \itemize; \value handles \item{}{} directly
checkRd: (-1) wsub.Rd:57: Lost braces in \itemize; \value handles \item{}{} directly
checkRd: (-1) wsub.Rd:58: Lost braces in \itemize; \value handles \item{}{} directly
checkRd: (-1) wsub.Rd:59: Lost braces in \itemize; \value handles \item{}{} directly
checkRd: (-1) wsub.Rd:60: Lost braces in \itemize; \value handles \item{}{} directly
checkRd: (-1) wsub.Rd:61: Lost braces in \itemize; \value handles \item{}{} directly
checkRd: (-1) wsubmargins.Rd:47: Lost braces in \itemize; \value handles \item{}{} directly
checkRd: (-1) wsubmargins.Rd:48: Lost braces in \itemize; \value handles \item{}{} directly
checkRd: (-1) wsubmargins.Rd:49: Lost braces in \itemize; \value handles \item{}{} directly
checkRd: (-1) wsubmargins.Rd:50: Lost braces in \itemize; \value handles \item{}{} directly
checkRd: (-1) wsubmargins.Rd:51: Lost braces in \itemize; \value handles \item{}{} directly
checkRd: (-1) wsubmargins.Rd:52: Lost braces in \itemize; \value handles \item{}{} directly
checkRd: (-1) wsubmargins.Rd:53: Lost braces in \itemize; \value handles \item{}{} directly
Flavors: r-devel-linux-x86_64-debian-clang, r-devel-linux-x86_64-debian-gcc
Version: 1.2.1
Check: installed package size
Result: NOTE
installed size is 6.7Mb
sub-directories of 1Mb or more:
doc 6.4Mb
Flavors: r-devel-linux-x86_64-fedora-clang, r-devel-windows-x86_64, r-release-macos-arm64, r-release-macos-x86_64, r-release-windows-x86_64, r-oldrel-macos-arm64, r-oldrel-macos-x86_64, r-oldrel-windows-x86_64
Version: 1.2.1
Check: Rd cross-references
Result: NOTE
Undeclared packages ‘shiny’, ‘shinystan’, ‘gtable’ in Rd xrefs
Flavor: r-devel-linux-x86_64-fedora-clang