CRAN Package Check Results for Package multbxxc

Last updated on 2024-02-26 04:49:33 CET.

Flavor Version Tinstall Tcheck Ttotal Status Flags
r-devel-linux-x86_64-debian-clang 1.0.1 44.49 41.52 86.01 NOTE
r-devel-linux-x86_64-debian-gcc 1.0.1 31.40 31.95 63.35 NOTE
r-devel-linux-x86_64-fedora-clang 1.0.1 111.34 NOTE
r-devel-linux-x86_64-fedora-gcc 1.0.1 120.60 NOTE
r-devel-windows-x86_64 1.0.1 32.00 67.00 99.00 NOTE
r-patched-linux-x86_64 1.0.1 46.09 40.78 86.87 NOTE
r-release-linux-x86_64 1.0.1 38.83 40.02 78.85 NOTE
r-release-macos-arm64 1.0.1 35.00 NOTE
r-release-macos-x86_64 1.0.1 52.00 NOTE
r-release-windows-x86_64 1.0.1 43.00 79.00 122.00 NOTE
r-oldrel-macos-arm64 1.0.1 32.00 OK
r-oldrel-windows-x86_64 1.0.1 38.00 77.00 115.00 OK

Check Details

Version: 1.0.1
Check: C++ specification
Result: NOTE Specified C++11: please drop specification unless essential Flavors: r-devel-linux-x86_64-debian-clang, r-devel-linux-x86_64-debian-gcc, r-devel-linux-x86_64-fedora-clang, r-devel-linux-x86_64-fedora-gcc, r-devel-windows-x86_64, r-patched-linux-x86_64, r-release-linux-x86_64, r-release-macos-arm64, r-release-macos-x86_64, r-release-windows-x86_64

Version: 1.0.1
Check: Rd cross-references
Result: NOTE Undeclared package ‘slam’ in Rd xrefs Flavor: r-devel-linux-x86_64-fedora-clang