CRAN Package Check Results for Package mulgar

Last updated on 2024-04-23 05:58:18 CEST.

Flavor Version Tinstall Tcheck Ttotal Status Flags
r-devel-linux-x86_64-debian-clang 1.0.2 6.90 54.95 61.85 OK
r-devel-linux-x86_64-debian-gcc 1.0.2 6.75 40.58 47.33 OK
r-devel-linux-x86_64-fedora-clang 1.0.2 78.06 OK
r-devel-linux-x86_64-fedora-gcc 1.0.2 73.34 OK
r-prerel-macos-arm64 1.0.2 32.00 NOTE
r-prerel-windows-x86_64 1.0.2 11.00 64.00 75.00 OK
r-patched-linux-x86_64 1.0.2 7.81 47.80 55.61 OK
r-release-linux-x86_64 1.0.2 5.57 51.86 57.43 OK
r-release-macos-arm64 1.0.2 32.00 NOTE
r-release-macos-x86_64 1.0.2 51.00 NOTE
r-release-windows-x86_64 1.0.2 11.00 77.00 88.00 OK
r-oldrel-macos-arm64 1.0.2 39.00 NOTE
r-oldrel-windows-x86_64 1.0.2 12.00 77.00 89.00 OK

Check Details

Version: 1.0.2
Check: installed package size
Result: NOTE installed size is 5.7Mb sub-directories of 1Mb or more: data 5.5Mb Flavors: r-prerel-macos-arm64, r-release-macos-arm64, r-release-macos-x86_64, r-oldrel-macos-arm64