Last updated on 2023-12-10 04:56:04 CET.
Flavor | Version | Tinstall | Tcheck | Ttotal | Status | Flags |
---|---|---|---|---|---|---|
r-devel-linux-x86_64-debian-clang | 0.1.0 | 6.41 | 44.77 | 51.18 | NOTE | |
r-devel-linux-x86_64-debian-gcc | 0.1.0 | 4.64 | 34.52 | 39.16 | NOTE | |
r-devel-linux-x86_64-fedora-clang | 0.1.0 | 64.50 | NOTE | |||
r-devel-linux-x86_64-fedora-gcc | 0.1.0 | 59.63 | NOTE | |||
r-devel-windows-x86_64 | 0.1.0 | 6.00 | 53.00 | 59.00 | NOTE | |
r-patched-linux-x86_64 | 0.1.0 | 4.27 | 43.88 | 48.15 | NOTE | |
r-release-linux-x86_64 | 0.1.0 | 3.82 | 42.88 | 46.70 | NOTE | |
r-release-macos-arm64 | 0.1.0 | 24.00 | NOTE | |||
r-release-macos-x86_64 | 0.1.0 | 34.00 | NOTE | |||
r-release-windows-x86_64 | 0.1.0 | 7.00 | 64.00 | 71.00 | NOTE | |
r-oldrel-macos-arm64 | 0.1.0 | 23.00 | NOTE | |||
r-oldrel-macos-x86_64 | 0.1.0 | 39.00 | NOTE | |||
r-oldrel-windows-x86_64 | 0.1.0 | 8.00 | 66.00 | 74.00 | NOTE |
Version: 0.1.0
Check: LazyData
Result: NOTE
'LazyData' is specified without a 'data' directory
Flavors: r-devel-linux-x86_64-debian-clang, r-devel-linux-x86_64-debian-gcc, r-devel-linux-x86_64-fedora-clang, r-devel-linux-x86_64-fedora-gcc, r-devel-windows-x86_64, r-patched-linux-x86_64, r-release-linux-x86_64, r-release-macos-arm64, r-release-macos-x86_64, r-release-windows-x86_64, r-oldrel-macos-arm64, r-oldrel-macos-x86_64, r-oldrel-windows-x86_64