CRAN Package Check Results for Package mtb

Last updated on 2023-11-29 04:57:28 CET.

Flavor Version Tinstall Tcheck Ttotal Status Flags
r-devel-linux-x86_64-debian-clang 0.1.8 7.42 96.47 103.89 NOTE
r-devel-linux-x86_64-debian-gcc 0.1.8 4.53 70.03 74.56 NOTE
r-devel-linux-x86_64-fedora-clang 0.1.8 128.52 OK
r-devel-linux-x86_64-fedora-gcc 0.1.8 130.92 OK
r-devel-windows-x86_64 0.1.8 8.00 91.00 99.00 OK
r-patched-linux-x86_64 0.1.8 7.72 88.63 96.35 OK
r-release-linux-x86_64 0.1.8 5.56 88.33 93.89 OK
r-release-macos-arm64 0.1.8 51.00 OK
r-release-macos-x86_64 0.1.8 66.00 OK
r-release-windows-x86_64 0.1.8 9.00 103.00 112.00 OK
r-oldrel-macos-arm64 0.1.8 43.00 OK
r-oldrel-macos-x86_64 0.1.8 54.00 OK
r-oldrel-windows-x86_64 0.1.8 10.00 107.00 117.00 OK

Check Details

Version: 0.1.8
Check: Rd files
Result: NOTE checkRd: (-1) time_plot_event.Rd:12: Lost braces in \itemize; meant \describe ? checkRd: (-1) time_plot_event.Rd:13: Lost braces in \itemize; meant \describe ? checkRd: (-1) time_plot_event.Rd:14: Lost braces in \itemize; meant \describe ? checkRd: (-1) time_plot_event.Rd:15: Lost braces in \itemize; meant \describe ? checkRd: (-1) time_plot_event.Rd:16: Lost braces in \itemize; meant \describe ? checkRd: (-1) time_plot_event.Rd:17: Lost braces in \itemize; meant \describe ? checkRd: (-1) time_plot_event.Rd:18: Lost braces in \itemize; meant \describe ? checkRd: (-1) time_plot_event.Rd:19: Lost braces in \itemize; meant \describe ? checkRd: (-1) time_plot_interval.Rd:19: Lost braces in \itemize; meant \describe ? checkRd: (-1) time_plot_interval.Rd:20: Lost braces in \itemize; meant \describe ? checkRd: (-1) time_plot_interval.Rd:21: Lost braces in \itemize; meant \describe ? checkRd: (-1) time_plot_interval.Rd:22: Lost braces in \itemize; meant \describe ? checkRd: (-1) time_plot_interval.Rd:23: Lost braces in \itemize; meant \describe ? Flavors: r-devel-linux-x86_64-debian-clang, r-devel-linux-x86_64-debian-gcc