Last updated on 2023-11-30 04:52:58 CET.
Flavor | Version | Tinstall | Tcheck | Ttotal | Status | Flags |
---|---|---|---|---|---|---|
r-devel-linux-x86_64-debian-clang | 1.7.1 | 25.61 | 249.58 | 275.19 | OK | |
r-devel-linux-x86_64-debian-gcc | 1.7.1 | 22.30 | 204.57 | 226.87 | OK | |
r-devel-linux-x86_64-fedora-clang | 1.7.1 | 375.84 | OK | |||
r-devel-linux-x86_64-fedora-gcc | 1.7.1 | 373.89 | OK | |||
r-devel-windows-x86_64 | 1.7.1 | 25.00 | 250.00 | 275.00 | OK | |
r-patched-linux-x86_64 | 1.7 | 28.59 | 243.76 | 272.35 | OK | |
r-release-linux-x86_64 | 1.7.1 | 24.35 | 237.81 | 262.16 | OK | |
r-release-macos-arm64 | 1.7.1 | 121.00 | OK | |||
r-release-macos-x86_64 | 1.7.1 | 320.00 | OK | |||
r-release-windows-x86_64 | 1.7.1 | 34.00 | 304.00 | 338.00 | OK | |
r-oldrel-macos-arm64 | 1.7.1 | 110.00 | NOTE | |||
r-oldrel-macos-x86_64 | 1.7 | 141.00 | OK | |||
r-oldrel-windows-x86_64 | 1.7.1 | 32.00 | 278.00 | 310.00 | NOTE |
Version: 1.7.1
Check: S3 generic/method consistency
Result: NOTE
Found the following apparent S3 methods exported but not registered:
plot.prevalence.msm plot.survfit.msm
See section ‘Registering S3 methods’ in the ‘Writing R Extensions’
manual.
Flavors: r-oldrel-macos-arm64, r-oldrel-windows-x86_64