Last updated on 2023-12-04 05:09:13 CET.
Flavor | Version | Tinstall | Tcheck | Ttotal | Status | Flags |
---|---|---|---|---|---|---|
r-devel-linux-x86_64-debian-clang | 1.3.3 | 3.56 | 50.82 | 54.38 | NOTE | |
r-devel-linux-x86_64-debian-gcc | 1.3.3 | 2.73 | 36.58 | 39.31 | NOTE | |
r-devel-linux-x86_64-fedora-clang | 1.3.3 | 69.56 | NOTE | |||
r-devel-linux-x86_64-fedora-gcc | 1.3.3 | 74.62 | NOTE | |||
r-devel-windows-x86_64 | 1.3.3 | 5.00 | 61.00 | 66.00 | NOTE | |
r-patched-linux-x86_64 | 1.3.3 | 3.33 | 49.09 | 52.42 | NOTE | |
r-release-linux-x86_64 | 1.3.3 | 3.84 | 48.61 | 52.45 | NOTE | |
r-release-macos-arm64 | 1.3.3 | 31.00 | NOTE | |||
r-release-macos-x86_64 | 1.3.3 | 47.00 | NOTE | |||
r-release-windows-x86_64 | 1.3.3 | 6.00 | 70.00 | 76.00 | NOTE | |
r-oldrel-macos-arm64 | 1.3.3 | 26.00 | NOTE | |||
r-oldrel-macos-x86_64 | 1.3.3 | 34.00 | NOTE | |||
r-oldrel-windows-x86_64 | 1.3.3 | 5.00 | 71.00 | 76.00 | NOTE |
Version: 1.3.3
Check: LazyData
Result: NOTE
'LazyData' is specified without a 'data' directory
Flavors: r-devel-linux-x86_64-debian-clang, r-devel-linux-x86_64-debian-gcc, r-devel-linux-x86_64-fedora-clang, r-devel-linux-x86_64-fedora-gcc, r-devel-windows-x86_64, r-patched-linux-x86_64, r-release-linux-x86_64, r-release-macos-arm64, r-release-macos-x86_64, r-release-windows-x86_64, r-oldrel-macos-arm64, r-oldrel-macos-x86_64, r-oldrel-windows-x86_64