Last updated on 2023-11-29 04:57:28 CET.
Flavor | Version | Tinstall | Tcheck | Ttotal | Status | Flags |
---|---|---|---|---|---|---|
r-devel-linux-x86_64-debian-clang | 0.1.0 | 2.56 | 46.06 | 48.62 | OK | |
r-devel-linux-x86_64-debian-gcc | 0.1.0 | 2.03 | 34.80 | 36.83 | OK | |
r-devel-linux-x86_64-fedora-clang | 0.1.0 | 61.03 | NOTE | |||
r-devel-linux-x86_64-fedora-gcc | 0.1.0 | 68.74 | NOTE | |||
r-devel-windows-x86_64 | 0.1.0 | 4.00 | 65.00 | 69.00 | OK | |
r-patched-linux-x86_64 | 0.1.0 | 1.79 | 44.32 | 46.11 | OK | |
r-release-linux-x86_64 | 0.1.0 | 1.67 | 43.67 | 45.34 | OK | |
r-release-macos-arm64 | 0.1.0 | 85.00 | OK | |||
r-release-macos-x86_64 | 0.1.0 | 45.00 | OK | |||
r-release-windows-x86_64 | 0.1.0 | 5.00 | 64.00 | 69.00 | OK | |
r-oldrel-macos-arm64 | 0.1.0 | 27.00 | NOTE | |||
r-oldrel-macos-x86_64 | 0.1.0 | 41.00 | NOTE | |||
r-oldrel-windows-x86_64 | 0.1.0 | 5.00 | 69.00 | 74.00 | OK |
Version: 0.1.0
Check: dependencies in R code
Result: NOTE
Namespace in Imports field not imported from: ‘tidyselect’
All declared Imports should be used.
Flavors: r-devel-linux-x86_64-fedora-clang, r-devel-linux-x86_64-fedora-gcc, r-oldrel-macos-arm64, r-oldrel-macos-x86_64