CRAN Package Check Results for Package mscstts

Last updated on 2024-06-14 05:58:30 CEST.

Flavor Version Tinstall Tcheck Ttotal Status Flags
r-devel-linux-x86_64-debian-clang 0.6.3 2.43 31.90 34.33 OK
r-devel-linux-x86_64-debian-gcc 0.6.3 1.90 23.38 25.28 ERROR
r-devel-linux-x86_64-fedora-clang 0.6.3 43.50 NOTE
r-devel-linux-x86_64-fedora-gcc 0.6.3 41.01 NOTE
r-devel-windows-x86_64 0.6.3 3.00 52.00 55.00 OK
r-patched-linux-x86_64 0.6.3 6.76 31.39 38.15 OK
r-release-linux-x86_64 0.6.3 2.50 29.91 32.41 OK
r-release-macos-arm64 0.6.3 19.00 OK
r-release-macos-x86_64 0.6.3 27.00 OK
r-release-windows-x86_64 0.6.3 3.00 59.00 62.00 OK
r-oldrel-macos-arm64 0.6.3 19.00 OK
r-oldrel-macos-x86_64 0.6.3 25.00 OK
r-oldrel-windows-x86_64 0.6.3 4.00 59.00 63.00 OK

Check Details

Version: 0.6.3
Check: package dependencies
Result: NOTE Packages suggested but not available for checking: 'testthat', 'rvest' Flavor: r-devel-linux-x86_64-debian-gcc

Version: 0.6.3
Check: tests
Result: ERROR Running ‘testthat.R’ [0s/1s] Running the tests in ‘tests/testthat.R’ failed. Complete output: > library(testthat) Error in library(testthat) : there is no package called 'testthat' Execution halted Flavor: r-devel-linux-x86_64-debian-gcc

Version: 0.6.3
Check: data for non-ASCII characters
Result: NOTE Note: found 75 marked UTF-8 strings Flavors: r-devel-linux-x86_64-fedora-clang, r-devel-linux-x86_64-fedora-gcc